Last updated on 2025-04-30 04:50:04 CEST.
Flavor | Version | Tinstall | Tcheck | Ttotal | Status | Flags |
---|---|---|---|---|---|---|
r-devel-linux-x86_64-debian-clang | 2.0.14 | 6.89 | 62.34 | 69.23 | NOTE | |
r-devel-linux-x86_64-debian-gcc | 2.0.14 | 4.88 | 40.90 | 45.78 | NOTE | |
r-devel-linux-x86_64-fedora-clang | 2.0.14 | 108.32 | OK | |||
r-devel-linux-x86_64-fedora-gcc | 2.0.14 | 101.22 | OK | |||
r-devel-windows-x86_64 | 2.0.14 | 8.00 | 74.00 | 82.00 | OK | |
r-patched-linux-x86_64 | 2.0.14 | 5.72 | 58.77 | 64.49 | OK | |
r-release-linux-x86_64 | 2.0.14 | 6.32 | 59.19 | 65.51 | OK | |
r-release-macos-arm64 | 2.0.14 | 31.00 | OK | |||
r-release-macos-x86_64 | 2.0.14 | 62.00 | OK | |||
r-release-windows-x86_64 | 2.0.14 | 10.00 | 70.00 | 80.00 | OK | |
r-oldrel-macos-arm64 | 2.0.14 | 29.00 | OK | |||
r-oldrel-macos-x86_64 | 2.0.14 | 49.00 | OK | |||
r-oldrel-windows-x86_64 | 2.0.14 | 9.00 | 95.00 | 104.00 | OK |
Version: 2.0.14
Check: CRAN incoming feasibility
Result: NOTE
Maintainer: ‘Suren Rathnayake <surenr@gmail.com>’
No Authors@R field in DESCRIPTION.
Please add one, modifying
Authors@R: c(person(given = "Suren",
family = "Rathnayake",
role = c("aut", "cre"),
email = "surenr@gmail.com"),
person(given = "Geoff",
family = "McLachlan",
role = "aut"),
person(given = "David",
family = "Peel",
role = "aut"),
person(given = "Jangsun",
family = "Baek",
role = "aut"))
as necessary.
Flavors: r-devel-linux-x86_64-debian-clang, r-devel-linux-x86_64-debian-gcc
Version: 2.0.14
Check: examples
Result: NOTE
Examples with CPU (user + system) or elapsed time > 5s
user system elapsed
plot_factors 5.944 0.008 8.108
mfa 5.891 0.016 8.089
mcfa 5.097 0.044 7.103
factor_scores 4.814 0.079 7.419
minmis 4.024 0.044 6.420
Flavor: r-devel-linux-x86_64-debian-clang
Version: 2.0.14
Check: examples
Result: NOTE
Examples with CPU (user + system) or elapsed time > 5s
user system elapsed
plot_factors 3.374 0.02 5.856
Flavor: r-devel-linux-x86_64-debian-gcc