Last updated on 2025-04-30 04:50:04 CEST.
Flavor | Version | Tinstall | Tcheck | Ttotal | Status | Flags |
---|---|---|---|---|---|---|
r-devel-linux-x86_64-debian-clang | 0.1.1 | 52.30 | 446.55 | 498.85 | NOTE | |
r-devel-linux-x86_64-debian-gcc | 0.1.1 | 42.24 | 335.67 | 377.91 | NOTE | |
r-devel-linux-x86_64-fedora-clang | 0.1.1 | 814.92 | NOTE | |||
r-devel-linux-x86_64-fedora-gcc | 0.1.1 | 786.60 | NOTE | |||
r-devel-windows-x86_64 | 0.1.1 | 55.00 | 371.00 | 426.00 | OK | |
r-patched-linux-x86_64 | 0.1.1 | 50.34 | 419.51 | 469.85 | OK | |
r-release-linux-x86_64 | 0.1.1 | 51.27 | 423.05 | 474.32 | OK | |
r-release-macos-arm64 | 0.1.1 | 5.00 | ERROR | |||
r-release-macos-x86_64 | 0.1.1 | 6.00 | ERROR | |||
r-release-windows-x86_64 | 0.1.1 | 55.00 | 371.00 | 426.00 | OK | |
r-oldrel-macos-arm64 | 0.1.1 | 356.00 | OK | |||
r-oldrel-macos-x86_64 | 0.1.1 | 450.00 | OK | |||
r-oldrel-windows-x86_64 | 0.1.1 | 69.00 | 495.00 | 564.00 | OK |
Version: 0.1.1
Check: examples
Result: NOTE
Examples with CPU (user + system) or elapsed time > 5s
user system elapsed
Execute_nnPCA_plot 4.721 0.499 8.932
Execute_ssGSEA 4.085 0.383 8.497
plot_heatmap_function 3.552 0.293 6.873
Execute_E_M_plot 2.857 0.369 5.653
Execute_M_dimension_plot 1.976 0.146 5.177
Flavor: r-devel-linux-x86_64-debian-clang
Version: 0.1.1
Check: examples
Result: NOTE
Examples with CPU (user + system) or elapsed time > 5s
user system elapsed
Execute_ssGSEA 3.315 0.061 6.225
Execute_nnPCA_plot 3.274 0.033 5.460
Flavor: r-devel-linux-x86_64-debian-gcc
Version: 0.1.1
Check: dependencies in R code
Result: NOTE
Namespaces in Imports field not imported from:
‘GSA’ ‘Seurat’ ‘curl’ ‘doParallel’ ‘foreach’ ‘ggthemes’ ‘pheatmap’
‘stringr’
All declared Imports should be used.
Flavors: r-devel-linux-x86_64-fedora-clang, r-devel-linux-x86_64-fedora-gcc
Version: 0.1.1
Check: package dependencies
Result: ERROR
Package required but not available: ‘AUCell’
See section ‘The DESCRIPTION file’ in the ‘Writing R Extensions’
manual.
Flavors: r-release-macos-arm64, r-release-macos-x86_64