CRAN Package Check Results for Package EMgaussian

Last updated on 2025-04-30 04:50:04 CEST.

Flavor Version Tinstall Tcheck Ttotal Status Flags
r-devel-linux-x86_64-debian-clang 0.2.1 43.25 108.07 151.32 NOTE
r-devel-linux-x86_64-debian-gcc 0.2.1 30.65 75.90 106.55 NOTE
r-devel-linux-x86_64-fedora-clang 0.2.1 249.07 OK
r-devel-linux-x86_64-fedora-gcc 0.2.1 233.99 OK
r-devel-windows-x86_64 0.2.1 48.00 127.00 175.00 NOTE
r-patched-linux-x86_64 0.2.1 45.06 101.07 146.13 NOTE
r-release-linux-x86_64 0.2.1 39.47 100.91 140.38 NOTE
r-release-macos-arm64 0.2.1 57.00 OK
r-release-macos-x86_64 0.2.1 107.00 OK
r-release-windows-x86_64 0.2.1 50.00 123.00 173.00 NOTE
r-oldrel-macos-arm64 0.2.1 55.00 OK
r-oldrel-macos-x86_64 0.2.1 88.00 OK
r-oldrel-windows-x86_64 0.2.1 60.00 169.00 229.00 OK

Check Details

Version: 0.2.1
Check: Rd cross-references
Result: NOTE Found the following Rd file(s) with Rd \link{} targets missing package anchors: em.prec.Rd: glassoFast Please provide package anchors for all Rd \link{} targets not in the package itself and the base packages. Flavors: r-devel-linux-x86_64-debian-clang, r-devel-linux-x86_64-debian-gcc, r-devel-windows-x86_64, r-patched-linux-x86_64, r-release-linux-x86_64, r-release-windows-x86_64