Last updated on 2025-04-30 04:50:05 CEST.
Flavor | Version | Tinstall | Tcheck | Ttotal | Status | Flags |
---|---|---|---|---|---|---|
r-devel-linux-x86_64-debian-clang | 1.0.4 | 3.42 | 35.35 | 38.77 | NOTE | |
r-devel-linux-x86_64-debian-gcc | 1.0.4 | 2.96 | 28.15 | 31.11 | NOTE | |
r-devel-linux-x86_64-fedora-clang | 1.0.4 | 63.08 | OK | |||
r-devel-linux-x86_64-fedora-gcc | 1.0.4 | 72.19 | OK | |||
r-devel-windows-x86_64 | 1.0.4 | 7.00 | 67.00 | 74.00 | OK | |
r-patched-linux-x86_64 | 1.0.4 | 4.16 | 34.07 | 38.23 | OK | |
r-release-linux-x86_64 | 1.0.4 | 3.78 | 33.99 | 37.77 | OK | |
r-release-macos-arm64 | 1.0.4 | 49.00 | OK | |||
r-release-macos-x86_64 | 1.0.4 | 78.00 | OK | |||
r-release-windows-x86_64 | 1.0.4 | 7.00 | 70.00 | 77.00 | OK | |
r-oldrel-macos-arm64 | 1.0.4 | 31.00 | OK | |||
r-oldrel-macos-x86_64 | 1.0.4 | 44.00 | OK | |||
r-oldrel-windows-x86_64 | 1.0.4 | 8.00 | 71.00 | 79.00 | OK |
Version: 1.0.4
Check: CRAN incoming feasibility
Result: NOTE
Maintainer: ‘Jabed Tomal <jtomal@tru.ca>’
The Description field contains
<arXiv:1706.06971> for more details.
Please refer to arXiv e-prints via their arXiv DOI <doi:10.48550/arXiv.YYMM.NNNNN>.
Flavors: r-devel-linux-x86_64-debian-clang, r-devel-linux-x86_64-debian-gcc