Last updated on 2025-04-30 04:50:05 CEST.
Flavor | Version | Tinstall | Tcheck | Ttotal | Status | Flags |
---|---|---|---|---|---|---|
r-devel-linux-x86_64-debian-clang | 0.5.0 | 31.33 | 218.54 | 249.87 | NOTE | |
r-devel-linux-x86_64-debian-gcc | 0.5.0 | 21.71 | 144.71 | 166.42 | NOTE | |
r-devel-linux-x86_64-fedora-clang | 0.5.0 | 397.01 | OK | |||
r-devel-linux-x86_64-fedora-gcc | 0.5.0 | 352.72 | OK | |||
r-devel-windows-x86_64 | 0.5.0 | 30.00 | 194.00 | 224.00 | OK | |
r-patched-linux-x86_64 | 0.5.0 | 28.59 | 203.05 | 231.64 | OK | |
r-release-linux-x86_64 | 0.5.0 | 30.21 | 200.26 | 230.47 | OK | |
r-release-macos-arm64 | 0.5.0 | 123.00 | OK | |||
r-release-macos-x86_64 | 0.5.0 | 171.00 | OK | |||
r-release-windows-x86_64 | 0.5.0 | 30.00 | 189.00 | 219.00 | OK | |
r-oldrel-macos-arm64 | 0.5.0 | 93.00 | OK | |||
r-oldrel-macos-x86_64 | 0.5.0 | 164.00 | OK | |||
r-oldrel-windows-x86_64 | 0.5.0 | 39.00 | 254.00 | 293.00 | OK |
Version: 0.5.0
Check: examples
Result: NOTE
Examples with CPU (user + system) or elapsed time > 5s
user system elapsed
function.Multivariate_Regression 9.455 0.045 12.237
function.Regression_Analysis 4.591 0.130 5.891
Flavor: r-devel-linux-x86_64-debian-clang
Version: 0.5.0
Check: examples
Result: NOTE
Examples with CPU (user + system) or elapsed time > 5s
user system elapsed
function.Multivariate_Regression 6.439 0.1 8.906
Flavor: r-devel-linux-x86_64-debian-gcc