Last updated on 2025-04-30 04:50:05 CEST.
Flavor | Version | Tinstall | Tcheck | Ttotal | Status | Flags |
---|---|---|---|---|---|---|
r-devel-linux-x86_64-debian-clang | 0.4.0 | 18.60 | 126.38 | 144.98 | NOTE | |
r-devel-linux-x86_64-debian-gcc | 0.4.0 | 12.40 | 89.10 | 101.50 | OK | |
r-devel-linux-x86_64-fedora-clang | 0.4.0 | 218.81 | OK | |||
r-devel-linux-x86_64-fedora-gcc | 0.4.0 | 197.08 | OK | |||
r-devel-windows-x86_64 | 0.4.0 | 20.00 | 119.00 | 139.00 | OK | |
r-patched-linux-x86_64 | 0.4.0 | 16.56 | 118.33 | 134.89 | OK | |
r-release-linux-x86_64 | 0.4.0 | 15.49 | 117.77 | 133.26 | OK | |
r-release-macos-arm64 | 0.4.0 | 56.00 | OK | |||
r-release-macos-x86_64 | 0.4.0 | 102.00 | OK | |||
r-release-windows-x86_64 | 0.4.0 | 19.00 | 119.00 | 138.00 | OK | |
r-oldrel-macos-arm64 | 0.4.0 | 59.00 | OK | |||
r-oldrel-macos-x86_64 | 0.4.0 | 110.00 | OK | |||
r-oldrel-windows-x86_64 | 0.4.0 | 23.00 | 160.00 | 183.00 | OK |
Version: 0.4.0
Check: examples
Result: NOTE
Examples with CPU (user + system) or elapsed time > 5s
user system elapsed
function.Time_Series 4.725 0.079 7.131
Flavor: r-devel-linux-x86_64-debian-clang