CRAN Package Check Results for Package EQUIVNONINF

Last updated on 2025-04-30 04:50:05 CEST.

Flavor Version Tinstall Tcheck Ttotal Status Flags
r-devel-linux-x86_64-debian-clang 1.0.2 11.66 98.52 110.18 NOTE
r-devel-linux-x86_64-debian-gcc 1.0.2 7.45 60.72 68.17 NOTE
r-devel-linux-x86_64-fedora-clang 1.0.2 173.44 OK
r-devel-linux-x86_64-fedora-gcc 1.0.2 161.95 OK
r-devel-windows-x86_64 1.0.2 12.00 103.00 115.00 OK
r-patched-linux-x86_64 1.0.2 12.66 88.56 101.22 OK
r-release-linux-x86_64 1.0.2 10.07 88.36 98.43 OK
r-release-macos-arm64 1.0.2 43.00 OK
r-release-macos-x86_64 1.0.2 96.00 OK
r-release-windows-x86_64 1.0.2 11.00 107.00 118.00 OK
r-oldrel-macos-arm64 1.0.2 38.00 OK
r-oldrel-macos-x86_64 1.0.2 64.00 OK
r-oldrel-windows-x86_64 1.0.2 13.00 103.00 116.00 OK

Check Details

Version: 1.0.2
Check: CRAN incoming feasibility
Result: NOTE Maintainer: ‘Stefan Wellek <stefan.wellek@zi-mannheim.de>’ No Authors@R field in DESCRIPTION. Please add one, modifying Authors@R: c(person(given = "Stefan", family = "Wellek", role = c("aut", "cre"), email = "stefan.wellek@zi-mannheim.de"), person(given = "Peter", family = "Ziegler", role = "aut")) as necessary. Flavors: r-devel-linux-x86_64-debian-clang, r-devel-linux-x86_64-debian-gcc

Version: 1.0.2
Check: examples
Result: NOTE Examples with CPU (user + system) or elapsed time > 5s user system elapsed bi2aeq3 6.016 0.000 6.983 po_pbibe 5.731 0.012 6.609 bi2rlv2 5.242 0.000 6.461 bi2by_ni_del 4.499 0.016 5.113 bi2by_ni_OR 4.402 0.059 5.603 Flavor: r-devel-linux-x86_64-debian-clang