CRAN Package Check Results for Package ERSA

Last updated on 2025-04-30 04:50:05 CEST.

Flavor Version Tinstall Tcheck Ttotal Status Flags
r-devel-linux-x86_64-debian-clang 0.1.4 7.74 74.40 82.14 NOTE
r-devel-linux-x86_64-debian-gcc 0.1.4 4.73 52.63 57.36 NOTE
r-devel-linux-x86_64-fedora-clang 0.1.4 123.36 OK
r-devel-linux-x86_64-fedora-gcc 0.1.4 120.61 OK
r-devel-windows-x86_64 0.1.4 9.00 83.00 92.00 OK
r-patched-linux-x86_64 0.1.4 7.75 66.52 74.27 OK
r-release-linux-x86_64 0.1.4 7.01 68.20 75.21 OK
r-release-macos-arm64 0.1.4 39.00 OK
r-release-macos-x86_64 0.1.4 71.00 OK
r-release-windows-x86_64 0.1.4 10.00 81.00 91.00 OK
r-oldrel-macos-arm64 0.1.4 44.00 OK
r-oldrel-macos-x86_64 0.1.4 57.00 OK
r-oldrel-windows-x86_64 0.1.4 11.00 99.00 110.00 OK

Check Details

Version: 0.1.4
Check: CRAN incoming feasibility
Result: NOTE Maintainer: ‘Catherine B. Hurley <catherine.hurley@mu.ie>’ No Authors@R field in DESCRIPTION. Please add one, modifying Authors@R: person(given = c("Catherine", "B."), family = "Hurley", role = c("aut", "cre"), email = "catherine.hurley@mu.ie") as necessary. Flavors: r-devel-linux-x86_64-debian-clang, r-devel-linux-x86_64-debian-gcc