Last updated on 2025-04-30 04:50:05 CEST.
Flavor | Version | Tinstall | Tcheck | Ttotal | Status | Flags |
---|---|---|---|---|---|---|
r-devel-linux-x86_64-debian-clang | 0.2.0 | 4.11 | 41.58 | 45.69 | NOTE | |
r-devel-linux-x86_64-debian-gcc | 0.2.0 | 2.94 | 27.66 | 30.60 | NOTE | |
r-devel-linux-x86_64-fedora-clang | 0.2.0 | 73.92 | OK | |||
r-devel-linux-x86_64-fedora-gcc | 0.2.0 | 66.37 | OK | |||
r-devel-windows-x86_64 | 0.2.0 | 4.00 | 56.00 | 60.00 | OK | |
r-patched-linux-x86_64 | 0.2.0 | 4.43 | 37.46 | 41.89 | OK | |
r-release-linux-x86_64 | 0.2.0 | 3.87 | 37.25 | 41.12 | OK | |
r-release-macos-arm64 | 0.2.0 | 23.00 | OK | |||
r-release-macos-x86_64 | 0.2.0 | 54.00 | OK | |||
r-release-windows-x86_64 | 0.2.0 | 4.00 | 57.00 | 61.00 | OK | |
r-oldrel-macos-arm64 | 0.2.0 | 21.00 | OK | |||
r-oldrel-macos-x86_64 | 0.2.0 | 48.00 | OK | |||
r-oldrel-windows-x86_64 | 0.2.0 | 6.00 | 55.00 | 61.00 | OK |
Version: 0.2.0
Check: CRAN incoming feasibility
Result: NOTE
Maintainer: ‘Quentin Lajaunie <quentin_lajaunie@hotmail.fr>’
No Authors@R field in DESCRIPTION.
Please add one, modifying
Authors@R: c(person(given = "Jean-Baptiste",
family = "Hasse",
role = "aut"),
person(given = "Quentin",
family = "Lajaunie",
role = c("aut", "cre"),
email = "quentin_lajaunie@hotmail.fr"))
as necessary.
Flavors: r-devel-linux-x86_64-debian-clang, r-devel-linux-x86_64-debian-gcc