Last updated on 2025-04-30 04:50:05 CEST.
Flavor | Version | Tinstall | Tcheck | Ttotal | Status | Flags |
---|---|---|---|---|---|---|
r-devel-linux-x86_64-debian-clang | 1.0.3 | 4.81 | 68.24 | 73.05 | NOTE | |
r-devel-linux-x86_64-debian-gcc | 1.0.3 | 4.24 | 48.49 | 52.73 | OK | |
r-devel-linux-x86_64-fedora-clang | 1.0.3 | 117.02 | OK | |||
r-devel-linux-x86_64-fedora-gcc | 1.0.3 | 122.72 | OK | |||
r-devel-windows-x86_64 | 1.0.3 | 7.00 | 95.00 | 102.00 | OK | |
r-patched-linux-x86_64 | 1.0.3 | 5.04 | 62.82 | 67.86 | OK | |
r-release-linux-x86_64 | 1.0.3 | 4.04 | 63.66 | 67.70 | OK | |
r-release-macos-arm64 | 1.0.3 | 58.00 | OK | |||
r-release-macos-x86_64 | 1.0.3 | 148.00 | OK | |||
r-release-windows-x86_64 | 1.0.3 | 8.00 | 98.00 | 106.00 | OK | |
r-oldrel-macos-arm64 | 1.0.3 | 59.00 | OK | |||
r-oldrel-macos-x86_64 | 1.0.3 | 143.00 | OK | |||
r-oldrel-windows-x86_64 | 1.0.3 | 11.00 | 125.00 | 136.00 | OK |
Version: 1.0.3
Check: examples
Result: NOTE
Examples with CPU (user + system) or elapsed time > 5s
user system elapsed
plotFragHeatmap 3.726 0.197 5.529
Flavor: r-devel-linux-x86_64-debian-clang