CRAN Package Check Results for Package EZtune

Last updated on 2025-04-30 04:50:05 CEST.

Flavor Version Tinstall Tcheck Ttotal Status Flags
r-devel-linux-x86_64-debian-clang 3.1.1 4.39 411.37 415.76 NOTE
r-devel-linux-x86_64-debian-gcc 3.1.1 3.32 289.09 292.41 NOTE
r-devel-linux-x86_64-fedora-clang 3.1.1 556.86 NOTE
r-devel-linux-x86_64-fedora-gcc 3.1.1 443.62 NOTE
r-devel-windows-x86_64 3.1.1 6.00 312.00 318.00 OK
r-patched-linux-x86_64 3.1.1 3.46 384.63 388.09 OK
r-release-linux-x86_64 3.1.1 4.53 278.66 283.19 OK
r-release-macos-arm64 3.1.1 245.00 OK
r-release-macos-x86_64 3.1.1 427.00 OK
r-release-windows-x86_64 3.1.1 6.00 368.00 374.00 OK
r-oldrel-macos-arm64 3.1.1 242.00 OK
r-oldrel-macos-x86_64 3.1.1 285.00 OK
r-oldrel-windows-x86_64 3.1.1 7.00 409.00 416.00 OK

Check Details

Version: 3.1.1
Check: CRAN incoming feasibility
Result: NOTE Maintainer: ‘Jill Lundell <jflundell@gmail.com>’ Package CITATION file contains call(s) to old-style personList() or as.personList(). Please use c() on person objects instead. Package CITATION file contains call(s) to old-style citEntry(). Please use bibentry() instead. Flavors: r-devel-linux-x86_64-debian-clang, r-devel-linux-x86_64-debian-gcc

Version: 3.1.1
Check: examples
Result: NOTE Examples with CPU (user + system) or elapsed time > 5s user system elapsed eztune_cv 5.658 0.166 7.90 predict.eztune 4.368 0.041 5.94 Flavor: r-devel-linux-x86_64-debian-clang

Version: 3.1.1
Check: examples
Result: NOTE Examples with CPU (user + system) or elapsed time > 5s user system elapsed eztune_cv 3.935 0.166 6.405 Flavor: r-devel-linux-x86_64-debian-gcc

Version: 3.1.1
Check: dependencies in R code
Result: NOTE Namespace in Imports field not imported from: ‘BiocStyle’ All declared Imports should be used. Flavors: r-devel-linux-x86_64-fedora-clang, r-devel-linux-x86_64-fedora-gcc