Last updated on 2025-04-30 04:50:04 CEST.
Flavor | Version | Tinstall | Tcheck | Ttotal | Status | Flags |
---|---|---|---|---|---|---|
r-devel-linux-x86_64-debian-clang | 0.1.2 | 20.95 | 58.46 | 79.41 | NOTE | |
r-devel-linux-x86_64-debian-gcc | 0.1.2 | 14.23 | 42.21 | 56.44 | NOTE | |
r-devel-linux-x86_64-fedora-clang | 0.1.2 | 132.09 | OK | |||
r-devel-linux-x86_64-fedora-gcc | 0.1.2 | 144.23 | OK | |||
r-devel-windows-x86_64 | 0.1.2 | 22.00 | 98.00 | 120.00 | OK | |
r-patched-linux-x86_64 | 0.1.2 | 22.05 | 55.64 | 77.69 | OK | |
r-release-linux-x86_64 | 0.1.2 | 22.58 | 54.42 | 77.00 | OK | |
r-release-macos-arm64 | 0.1.2 | 42.00 | OK | |||
r-release-macos-x86_64 | 0.1.2 | 78.00 | OK | |||
r-release-windows-x86_64 | 0.1.2 | 21.00 | 98.00 | 119.00 | OK | |
r-oldrel-macos-arm64 | 0.1.2 | 40.00 | OK | |||
r-oldrel-macos-x86_64 | 0.1.2 | 63.00 | OK | |||
r-oldrel-windows-x86_64 | 0.1.2 | 25.00 | 123.00 | 148.00 | OK |
Version: 0.1.2
Check: CRAN incoming feasibility
Result: NOTE
Maintainer: ‘Ehouarn Le Faou <ehouarnlefaou@orange.fr>’
No Authors@R field in DESCRIPTION.
Please add one, modifying
Authors@R: person(given = "Ehouarn",
family = "Le Faou",
role = c("aut", "cre"),
email = "ehouarnlefaou@orange.fr")
as necessary.
Flavors: r-devel-linux-x86_64-debian-clang, r-devel-linux-x86_64-debian-gcc