CRAN Package Check Results for Package EasyMx

Last updated on 2025-04-30 04:50:04 CEST.

Flavor Version Tinstall Tcheck Ttotal Status Flags
r-devel-linux-x86_64-debian-clang 0.3-2 10.22 76.79 87.01 NOTE
r-devel-linux-x86_64-debian-gcc 0.3-2 6.80 56.90 63.70 NOTE
r-devel-linux-x86_64-fedora-clang 0.3-2 136.15 OK
r-devel-linux-x86_64-fedora-gcc 0.3-2 127.54 OK
r-devel-windows-x86_64 0.3-2 10.00 94.00 104.00 OK
r-patched-linux-x86_64 0.3-2 9.14 73.59 82.73 NOTE
r-release-linux-x86_64 0.3-2 8.46 72.63 81.09 NOTE
r-release-macos-arm64 0.3-2 42.00 OK
r-release-macos-x86_64 0.3-2 75.00 OK
r-release-windows-x86_64 0.3-2 10.00 96.00 106.00 OK
r-oldrel-macos-arm64 0.3-2 38.00 OK
r-oldrel-macos-x86_64 0.3-2 59.00 OK
r-oldrel-windows-x86_64 0.3-2 12.00 114.00 126.00 OK

Check Details

Version: 0.3-2
Check: for unstated dependencies in ‘demo’
Result: NOTE 'library' or 'require' call not declared from: ‘lavaan’ Flavors: r-devel-linux-x86_64-debian-clang, r-devel-linux-x86_64-debian-gcc, r-patched-linux-x86_64, r-release-linux-x86_64