Last updated on 2025-02-22 05:51:34 CET.
Flavor | Version | Tinstall | Tcheck | Ttotal | Status | Flags |
---|---|---|---|---|---|---|
r-devel-linux-x86_64-debian-clang | 0.3-2 | 9.89 | 75.84 | 85.73 | NOTE | |
r-devel-linux-x86_64-debian-gcc | 0.3-2 | 6.23 | 56.12 | 62.35 | NOTE | |
r-devel-linux-x86_64-fedora-clang | 0.3-2 | 131.17 | OK | |||
r-devel-linux-x86_64-fedora-gcc | 0.3-2 | 128.09 | OK | |||
r-devel-macos-arm64 | 0.3-2 | 38.00 | OK | |||
r-devel-macos-x86_64 | 0.3-2 | 73.00 | OK | |||
r-devel-windows-x86_64 | 0.3-2 | 10.00 | 104.00 | 114.00 | OK | |
r-patched-linux-x86_64 | 0.3-2 | 9.15 | 71.03 | 80.18 | OK | |
r-release-linux-x86_64 | 0.3-2 | 8.46 | 69.55 | 78.01 | OK | |
r-release-macos-arm64 | 0.3-2 | 38.00 | OK | |||
r-release-macos-x86_64 | 0.3-2 | 59.00 | OK | |||
r-release-windows-x86_64 | 0.3-2 | 10.00 | 95.00 | 105.00 | OK | |
r-oldrel-macos-arm64 | 0.3-2 | 45.00 | OK | |||
r-oldrel-macos-x86_64 | 0.3-2 | 68.00 | OK | |||
r-oldrel-windows-x86_64 | 0.3-2 | 13.00 | 107.00 | 120.00 | OK |
Version: 0.3-2
Check: for unstated dependencies in ‘demo’
Result: NOTE
'library' or 'require' call not declared from: ‘lavaan’
Flavors: r-devel-linux-x86_64-debian-clang, r-devel-linux-x86_64-debian-gcc