CRAN Package Check Results for Package EcoDiet

Last updated on 2025-04-30 04:50:04 CEST.

Flavor Version Tinstall Tcheck Ttotal Status Flags
r-devel-linux-x86_64-debian-clang 2.0.1 6.38 172.35 178.73 NOTE
r-devel-linux-x86_64-debian-gcc 2.0.1 4.63 104.59 109.22 OK
r-devel-linux-x86_64-fedora-clang 2.0.1 278.12 OK
r-devel-linux-x86_64-fedora-gcc 2.0.1 252.46 OK
r-devel-windows-x86_64 2.0.1 7.00 185.00 192.00 OK
r-patched-linux-x86_64 2.0.1 6.15 144.24 150.39 OK
r-release-linux-x86_64 2.0.1 6.02 143.70 149.72 OK
r-release-macos-arm64 2.0.1 89.00 OK
r-release-macos-x86_64 2.0.1 178.00 OK
r-release-windows-x86_64 2.0.1 7.00 182.00 189.00 OK
r-oldrel-macos-arm64 2.0.1 83.00 OK
r-oldrel-macos-x86_64 2.0.1 131.00 OK
r-oldrel-windows-x86_64 2.0.1 10.00 265.00 275.00 OK

Check Details

Version: 2.0.1
Check: examples
Result: NOTE Examples with CPU (user + system) or elapsed time > 5s user system elapsed plot_prior 4.025 0.547 5.967 Flavor: r-devel-linux-x86_64-debian-clang