CRAN Package Check Results for Package Ecohydmod

Last updated on 2025-04-30 04:50:04 CEST.

Flavor Version Tinstall Tcheck Ttotal Status Flags
r-devel-linux-x86_64-debian-clang 1.0.0 1.56 19.71 21.27 NOTE
r-devel-linux-x86_64-debian-gcc 1.0.0 1.37 15.72 17.09 NOTE
r-devel-linux-x86_64-fedora-clang 1.0.0 31.90 OK
r-devel-linux-x86_64-fedora-gcc 1.0.0 32.03 OK
r-devel-windows-x86_64 1.0.0 2.00 40.00 42.00 OK
r-patched-linux-x86_64 1.0.0 1.87 18.90 20.77 OK
r-release-linux-x86_64 1.0.0 1.61 18.40 20.01 OK
r-release-macos-arm64 1.0.0 16.00 OK
r-release-macos-x86_64 1.0.0 25.00 OK
r-release-windows-x86_64 1.0.0 2.00 41.00 43.00 OK
r-oldrel-macos-arm64 1.0.0 15.00 OK
r-oldrel-macos-x86_64 1.0.0 22.00 OK
r-oldrel-windows-x86_64 1.0.0 3.00 40.00 43.00 OK

Check Details

Version: 1.0.0
Check: CRAN incoming feasibility
Result: NOTE Maintainer: ‘Rodolfo Souza <rodolfomssouza@gmail.com>’ No Authors@R field in DESCRIPTION. Please add one, modifying Authors@R: person(given = "Rodolfo", family = "Souza", role = c("aut", "cre"), email = "rodolfomssouza@gmail.com") as necessary. Flavors: r-devel-linux-x86_64-debian-clang, r-devel-linux-x86_64-debian-gcc