Last updated on 2025-04-30 04:50:04 CEST.
Flavor | Version | Tinstall | Tcheck | Ttotal | Status | Flags |
---|---|---|---|---|---|---|
r-devel-linux-x86_64-debian-clang | 1.9-1 | 7.35 | 49.99 | 57.34 | NOTE | |
r-devel-linux-x86_64-debian-gcc | 1.9-1 | 4.69 | 35.98 | 40.67 | NOTE | |
r-devel-linux-x86_64-fedora-clang | 1.9-1 | 88.72 | OK | |||
r-devel-linux-x86_64-fedora-gcc | 1.9-1 | 85.45 | OK | |||
r-devel-windows-x86_64 | 1.9-1 | 8.00 | 70.00 | 78.00 | OK | |
r-patched-linux-x86_64 | 1.9-1 | 7.64 | 47.21 | 54.85 | OK | |
r-release-linux-x86_64 | 1.9-1 | 6.93 | 46.70 | 53.63 | OK | |
r-release-macos-arm64 | 1.9-1 | 28.00 | OK | |||
r-release-macos-x86_64 | 1.9-1 | 50.00 | OK | |||
r-release-windows-x86_64 | 1.9-1 | 7.00 | 69.00 | 76.00 | OK | |
r-oldrel-macos-arm64 | 1.9-1 | 27.00 | OK | |||
r-oldrel-macos-x86_64 | 1.9-1 | 41.00 | OK | |||
r-oldrel-windows-x86_64 | 1.9-1 | 7.00 | 75.00 | 82.00 | OK |
Version: 1.9-1
Check: CRAN incoming feasibility
Result: NOTE
Maintainer: ‘Gunther Schauberger <gunther.schauberger@tum.de>’
No Authors@R field in DESCRIPTION.
Please add one, modifying
Authors@R: person(given = "Gunther",
family = "Schauberger",
role = c("aut", "cre"),
email = "gunther.schauberger@tum.de")
as necessary.
Flavors: r-devel-linux-x86_64-debian-clang, r-devel-linux-x86_64-debian-gcc