CRAN Package Check Results for Package EffectStars2

Last updated on 2025-04-30 04:50:04 CEST.

Flavor Version Tinstall Tcheck Ttotal Status Flags
r-devel-linux-x86_64-debian-clang 0.1-3 3.07 33.32 36.39 NOTE
r-devel-linux-x86_64-debian-gcc 0.1-3 2.72 26.01 28.73 NOTE
r-devel-linux-x86_64-fedora-clang 0.1-3 56.95 OK
r-devel-linux-x86_64-fedora-gcc 0.1-3 54.23 OK
r-devel-windows-x86_64 0.1-3 4.00 57.00 61.00 OK
r-patched-linux-x86_64 0.1-3 3.27 32.13 35.40 OK
r-release-linux-x86_64 0.1-3 3.40 32.23 35.63 OK
r-release-macos-arm64 0.1-3 22.00 OK
r-release-macos-x86_64 0.1-3 35.00 OK
r-release-windows-x86_64 0.1-3 4.00 55.00 59.00 OK
r-oldrel-macos-arm64 0.1-3 20.00 OK
r-oldrel-macos-x86_64 0.1-3 30.00 OK
r-oldrel-windows-x86_64 0.1-3 5.00 60.00 65.00 OK

Check Details

Version: 0.1-3
Check: CRAN incoming feasibility
Result: NOTE Maintainer: ‘Gunther Schauberger <gunther.schauberger@tum.de>’ No Authors@R field in DESCRIPTION. Please add one, modifying Authors@R: person(given = "Gunther", family = "Schauberger", role = c("aut", "cre"), email = "gunther.schauberger@tum.de") as necessary. Flavors: r-devel-linux-x86_64-debian-clang, r-devel-linux-x86_64-debian-gcc