CRAN Package Check Results for Package EigenR

Last updated on 2025-04-30 04:50:04 CEST.

Flavor Version Tinstall Tcheck Ttotal Status Flags
r-devel-linux-x86_64-debian-clang 1.3.0 443.16 27.50 470.66 NOTE
r-devel-linux-x86_64-debian-gcc 1.3.0 395.96 50.70 446.66 NOTE
r-devel-linux-x86_64-fedora-clang 1.3.0 736.84 OK
r-devel-linux-x86_64-fedora-gcc 1.3.0 1087.97 OK
r-devel-windows-x86_64 1.3.0 452.00 125.00 577.00 OK
r-patched-linux-x86_64 1.3.0 516.24 66.81 583.05 OK
r-release-linux-x86_64 1.3.0 529.21 66.80 596.01 OK
r-release-macos-arm64 1.3.0 201.00 OK
r-release-macos-x86_64 1.3.0 178.00 OK
r-release-windows-x86_64 1.3.0 448.00 109.00 557.00 OK
r-oldrel-macos-arm64 1.3.0 223.00 NOTE
r-oldrel-macos-x86_64 1.3.0 155.00 NOTE
r-oldrel-windows-x86_64 1.3.0 516.00 119.00 635.00 OK

Check Details

Version: 1.3.0
Check: CRAN incoming feasibility
Result: NOTE Maintainer: ‘Stéphane Laurent <laurent_step@outlook.fr>’ No Authors@R field in DESCRIPTION. Please add one, modifying Authors@R: person(given = "Stéphane", family = "Laurent", role = c("aut", "cre"), email = "laurent_step@outlook.fr") as necessary. Flavors: r-devel-linux-x86_64-debian-clang, r-devel-linux-x86_64-debian-gcc

Version: 1.3.0
Check: installed package size
Result: NOTE installed size is 162.9Mb sub-directories of 1Mb or more: libs 162.8Mb Flavors: r-oldrel-macos-arm64, r-oldrel-macos-x86_64