Last updated on 2025-04-30 04:50:04 CEST.
Flavor | Version | Tinstall | Tcheck | Ttotal | Status | Flags |
---|---|---|---|---|---|---|
r-devel-linux-x86_64-debian-clang | 1.2.0 | 16.96 | 77.44 | 94.40 | OK | |
r-devel-linux-x86_64-debian-gcc | 1.2.0 | 9.91 | 49.56 | 59.47 | OK | |
r-devel-linux-x86_64-fedora-clang | 1.2.0 | 139.07 | OK | |||
r-devel-linux-x86_64-fedora-gcc | 1.2.0 | 129.88 | OK | |||
r-devel-windows-x86_64 | 1.2.0 | 15.00 | 80.00 | 95.00 | OK | |
r-patched-linux-x86_64 | 1.2.0 | 15.54 | 71.81 | 87.35 | OK | |
r-release-linux-x86_64 | 1.2.0 | 14.64 | 72.01 | 86.65 | OK | |
r-release-macos-arm64 | 1.2.0 | 37.00 | OK | |||
r-release-macos-x86_64 | 1.2.0 | 74.00 | OK | |||
r-release-windows-x86_64 | 1.2.0 | 16.00 | 80.00 | 96.00 | OK | |
r-oldrel-macos-arm64 | 1.2.0 | 32.00 | NOTE | |||
r-oldrel-macos-x86_64 | 1.2.0 | 59.00 | NOTE | |||
r-oldrel-windows-x86_64 | 1.2.0 | 20.00 | 107.00 | 127.00 | NOTE |
Version: 1.2.0
Check: LazyData
Result: NOTE
'LazyData' is specified without a 'data' directory
Flavors: r-oldrel-macos-arm64, r-oldrel-macos-x86_64, r-oldrel-windows-x86_64