Last updated on 2025-11-03 03:49:39 CET.
| Flavor | Version | Tinstall | Tcheck | Ttotal | Status | Flags |
|---|---|---|---|---|---|---|
| r-devel-linux-x86_64-debian-clang | 1.2.0 | 14.95 | 88.28 | 103.23 | OK | |
| r-devel-linux-x86_64-debian-gcc | 1.2.0 | 10.28 | 56.23 | 66.51 | OK | |
| r-devel-linux-x86_64-fedora-clang | 1.2.0 | 42.00 | 124.03 | 166.03 | OK | |
| r-devel-linux-x86_64-fedora-gcc | 1.2.0 | 40.00 | 119.56 | 159.56 | OK | |
| r-devel-windows-x86_64 | 1.2.0 | 16.00 | 83.00 | 99.00 | OK | |
| r-patched-linux-x86_64 | 1.2.0 | 16.14 | 80.31 | 96.45 | OK | |
| r-release-linux-x86_64 | 1.2.0 | 14.14 | 80.74 | 94.88 | OK | |
| r-release-macos-arm64 | 1.2.0 | 7.00 | 30.00 | 37.00 | OK | |
| r-release-macos-x86_64 | 1.2.0 | 12.00 | 62.00 | 74.00 | OK | |
| r-release-windows-x86_64 | 1.2.0 | 15.00 | 83.00 | 98.00 | OK | |
| r-oldrel-macos-arm64 | 1.2.0 | 5.00 | 27.00 | 32.00 | NOTE | |
| r-oldrel-macos-x86_64 | 1.2.0 | 10.00 | 49.00 | 59.00 | NOTE | |
| r-oldrel-windows-x86_64 | 1.2.0 | 22.00 | 112.00 | 134.00 | NOTE |
Version: 1.2.0
Check: LazyData
Result: NOTE
'LazyData' is specified without a 'data' directory
Flavors: r-oldrel-macos-arm64, r-oldrel-macos-x86_64, r-oldrel-windows-x86_64