Last updated on 2025-04-30 04:50:04 CEST.
Flavor | Version | Tinstall | Tcheck | Ttotal | Status | Flags |
---|---|---|---|---|---|---|
r-devel-linux-x86_64-debian-clang | 0.46.18 | 45.16 | 580.45 | 625.61 | NOTE | |
r-devel-linux-x86_64-debian-gcc | 0.46.18 | 31.21 | 380.12 | 411.33 | OK | |
r-devel-linux-x86_64-fedora-clang | 0.46.18 | 1007.59 | OK | |||
r-devel-linux-x86_64-fedora-gcc | 0.46.18 | 1061.68 | OK | |||
r-devel-windows-x86_64 | 0.46.18 | 53.00 | 696.00 | 749.00 | OK | |
r-patched-linux-x86_64 | 0.46.18 | 42.62 | 542.19 | 584.81 | OK | |
r-release-linux-x86_64 | 0.46.18 | 44.22 | 539.61 | 583.83 | OK | |
r-release-macos-arm64 | 0.46.18 | 335.00 | OK | |||
r-release-macos-x86_64 | 0.46.18 | 643.00 | OK | |||
r-release-windows-x86_64 | 0.46.18 | 55.00 | 694.00 | 749.00 | OK | |
r-oldrel-macos-arm64 | 0.46.18 | 243.00 | OK | |||
r-oldrel-macos-x86_64 | 0.46.18 | 692.00 | OK | |||
r-oldrel-windows-x86_64 | 0.46.18 | 62.00 | 797.00 | 859.00 | OK |
Version: 0.46.18
Check: examples
Result: NOTE
Examples with CPU (user + system) or elapsed time > 5s
user system elapsed
ISI 4.296 0.172 5.686
Flavor: r-devel-linux-x86_64-debian-clang