Last updated on 2025-04-30 04:50:04 CEST.
Flavor | Version | Tinstall | Tcheck | Ttotal | Status | Flags |
---|---|---|---|---|---|---|
r-devel-linux-x86_64-debian-clang | 0.5.0 | 396.91 | 256.63 | 653.54 | NOTE | |
r-devel-linux-x86_64-debian-gcc | 0.5.0 | 386.74 | 217.84 | 604.58 | OK | |
r-devel-linux-x86_64-fedora-clang | 0.5.0 | 1030.27 | OK | |||
r-devel-linux-x86_64-fedora-gcc | 0.5.0 | 1376.44 | OK | |||
r-devel-windows-x86_64 | 0.5.0 | 449.00 | 364.00 | 813.00 | OK | |
r-patched-linux-x86_64 | 0.5.0 | 510.14 | 296.17 | 806.31 | OK | |
r-release-linux-x86_64 | 0.5.0 | 494.73 | 295.93 | 790.66 | OK | |
r-release-macos-arm64 | 0.5.0 | 269.00 | OK | |||
r-release-macos-x86_64 | 0.5.0 | 533.00 | OK | |||
r-release-windows-x86_64 | 0.5.0 | 457.00 | 378.00 | 835.00 | OK | |
r-oldrel-macos-arm64 | 0.5.0 | 156.00 | NOTE | |||
r-oldrel-macos-x86_64 | 0.5.0 | 188.00 | NOTE | |||
r-oldrel-windows-x86_64 | 0.5.0 | 506.00 | 499.00 | 1005.00 | NOTE |
Version: 0.5.0
Check: examples
Result: NOTE
Examples with CPU (user + system) or elapsed time > 5s
user system elapsed
plot_steepness_regression 4.57 0.047 5.695
Flavor: r-devel-linux-x86_64-debian-clang
Version: 0.5.0
Check: installed package size
Result: NOTE
installed size is 85.7Mb
sub-directories of 1Mb or more:
libs 84.5Mb
Flavors: r-oldrel-macos-arm64, r-oldrel-macos-x86_64, r-oldrel-windows-x86_64
Version: 0.5.0
Check: for GNU extensions in Makefiles
Result: NOTE
GNU make is a SystemRequirements.
Flavors: r-oldrel-macos-arm64, r-oldrel-macos-x86_64, r-oldrel-windows-x86_64