Last updated on 2025-02-22 05:51:34 CET.
Flavor | Version | Tinstall | Tcheck | Ttotal | Status | Flags |
---|---|---|---|---|---|---|
r-devel-linux-x86_64-debian-clang | 0.8 | 9.00 | 79.96 | 88.96 | NOTE | |
r-devel-linux-x86_64-debian-gcc | 0.8 | 7.65 | 58.20 | 65.85 | NOTE | |
r-devel-linux-x86_64-fedora-clang | 0.8 | 138.47 | OK | |||
r-devel-linux-x86_64-fedora-gcc | 0.8 | 142.08 | OK | |||
r-devel-macos-arm64 | 0.8 | 44.00 | OK | |||
r-devel-macos-x86_64 | 0.8 | 82.00 | OK | |||
r-devel-windows-x86_64 | 0.8 | 11.00 | 102.00 | 113.00 | NOTE | |
r-patched-linux-x86_64 | 0.8 | 12.44 | 74.23 | 86.67 | OK | |
r-release-linux-x86_64 | 0.8 | 8.46 | 73.43 | 81.89 | OK | |
r-release-macos-arm64 | 0.8 | 43.00 | OK | |||
r-release-macos-x86_64 | 0.8 | 62.00 | OK | |||
r-release-windows-x86_64 | 0.8 | 11.00 | 93.00 | 104.00 | OK | |
r-oldrel-macos-arm64 | 0.8 | 44.00 | OK | |||
r-oldrel-macos-x86_64 | 0.8 | 70.00 | OK | |||
r-oldrel-windows-x86_64 | 0.8 | 14.00 | 112.00 | 126.00 | OK |
Version: 0.8
Check: Rd cross-references
Result: NOTE
Found the following Rd file(s) with Rd \link{} targets missing package
anchors:
Regression.Select.MinAvgErr.Config-class.Rd: Instance.List-class,
Regression.Select.Config-class
Regression.Select.MinAvgErr.FitObj-class.Rd:
Regression.Select.Config-class, RegressionSelectPred-class,
Regression.Select.FitObj-class
ecv.regression.Rd: Instance.List-class,
Regression.CV.Batch.FitObj-class, Regression.Batch.FitObj-class
ecv.regression.baselearner.control.Rd: rmse.error
Please provide package anchors for all Rd \link{} targets not in the
package itself and the base packages.
Flavors: r-devel-linux-x86_64-debian-clang, r-devel-linux-x86_64-debian-gcc, r-devel-windows-x86_64