Last updated on 2025-04-30 04:50:05 CEST.
Flavor | Version | Tinstall | Tcheck | Ttotal | Status | Flags |
---|---|---|---|---|---|---|
r-devel-linux-x86_64-debian-clang | 1.0.4 | 14.66 | 122.93 | 137.59 | NOTE | |
r-devel-linux-x86_64-debian-gcc | 1.0.4 | 11.40 | 83.79 | 95.19 | NOTE | |
r-devel-linux-x86_64-fedora-clang | 1.0.4 | 213.15 | OK | |||
r-devel-linux-x86_64-fedora-gcc | 1.0.4 | 193.81 | OK | |||
r-devel-windows-x86_64 | 1.0.4 | 17.00 | 125.00 | 142.00 | OK | |
r-patched-linux-x86_64 | 1.0.4 | 16.88 | 113.11 | 129.99 | OK | |
r-release-linux-x86_64 | 1.0.4 | 12.03 | 113.90 | 125.93 | OK | |
r-release-macos-arm64 | 1.0.4 | 55.00 | OK | |||
r-release-macos-x86_64 | 1.0.4 | 130.00 | OK | |||
r-release-windows-x86_64 | 1.0.4 | 17.00 | 119.00 | 136.00 | OK | |
r-oldrel-macos-arm64 | 1.0.4 | 56.00 | NOTE | |||
r-oldrel-macos-x86_64 | 1.0.4 | 87.00 | NOTE | |||
r-oldrel-windows-x86_64 | 1.0.4 | 22.00 | 154.00 | 176.00 | OK |
Version: 1.0.4
Check: CRAN incoming feasibility
Result: NOTE
Maintainer: ‘Didier Chauveau <didier.chauveau@univ-orleans.fr>’
Package CITATION file contains call(s) to old-style personList() or
as.personList(). Please use c() on person objects instead.
Package CITATION file contains call(s) to old-style citEntry(). Please
use bibentry() instead.
Found the following URLs which should use \doi (with the DOI name only):
File ‘EntropyMCMC-package.Rd’:
http://dx.doi.org/10.1051/ps/2012004
File ‘EntropyMCMC.Rd’:
http://dx.doi.org/10.1051/ps/2012004
File ‘EntropyParallel.Rd’:
http://dx.doi.org/10.1051/ps/2012004
File ‘MCMCcopies.Rd’:
http://dx.doi.org/10.1051/ps/2012004
File ‘MCMCcopies.cl.Rd’:
http://dx.doi.org/10.1051/ps/2012004
File ‘MCMCcopies.mc.Rd’:
http://dx.doi.org/10.1051/ps/2012004
File ‘plot.KbMCMC.Rd’:
http://dx.doi.org/10.1051/ps/2012004
File ‘plot.plMCMC.Rd’:
http://dx.doi.org/10.1051/ps/2012004
File ‘plot_Kblist.Rd’:
http://dx.doi.org/10.1051/ps/2012004
File ‘summary.plMCMC.Rd’:
http://dx.doi.org/10.1051/ps/2012004
Flavors: r-devel-linux-x86_64-debian-clang, r-devel-linux-x86_64-debian-gcc
Version: 1.0.4
Check: examples
Result: NOTE
Examples with CPU (user + system) or elapsed time > 5s
user system elapsed
EntropyParallel 5.489 0.005 7.425
EntropyMCMC 5.385 0.103 6.551
Flavor: r-devel-linux-x86_64-debian-clang
Version: 1.0.4
Check: package dependencies
Result: NOTE
Package suggested but not available for checking: ‘Rmpi’
Flavors: r-oldrel-macos-arm64, r-oldrel-macos-x86_64