Last updated on 2025-02-21 03:52:11 CET.
Flavor | Version | Tinstall | Tcheck | Ttotal | Status | Flags |
---|---|---|---|---|---|---|
r-devel-linux-x86_64-debian-clang | 0.1.3 | 9.52 | 378.92 | 388.44 | NOTE | |
r-devel-linux-x86_64-debian-gcc | 0.1.3 | 7.92 | 225.47 | 233.39 | NOTE | |
r-devel-linux-x86_64-fedora-clang | 0.1.3 | 638.05 | NOTE | |||
r-devel-linux-x86_64-fedora-gcc | 0.1.3 | 613.21 | NOTE | |||
r-devel-macos-arm64 | 0.1.3 | 152.00 | NOTE | |||
r-devel-macos-x86_64 | 0.1.3 | 351.00 | NOTE | |||
r-devel-windows-x86_64 | 0.1.3 | 12.00 | 375.00 | 387.00 | NOTE | |
r-patched-linux-x86_64 | 0.1.3 | 9.94 | 348.48 | 358.42 | NOTE | |
r-release-linux-x86_64 | 0.1.3 | 10.07 | 345.55 | 355.62 | NOTE | |
r-release-macos-arm64 | 0.1.3 | 142.00 | NOTE | |||
r-release-macos-x86_64 | 0.1.3 | 246.00 | NOTE | |||
r-release-windows-x86_64 | 0.1.3 | 10.00 | 372.00 | 382.00 | NOTE | |
r-oldrel-macos-arm64 | 0.1.3 | 151.00 | OK | |||
r-oldrel-macos-x86_64 | 0.1.3 | 258.00 | OK | |||
r-oldrel-windows-x86_64 | 0.1.3 | 14.00 | 509.00 | 523.00 | OK |
Version: 0.1.3
Check: Rd files
Result: NOTE
checkRd: (-1) metrics.Rd:124: Lost braces
124 | Avg = 0.5 (sum | P_i - Q_i| + max{ | P_i - Q_i |})
| ^
Flavors: r-devel-linux-x86_64-debian-clang, r-devel-linux-x86_64-debian-gcc, r-devel-linux-x86_64-fedora-clang, r-devel-linux-x86_64-fedora-gcc, r-devel-macos-arm64, r-devel-macos-x86_64, r-devel-windows-x86_64, r-patched-linux-x86_64, r-release-linux-x86_64, r-release-macos-arm64, r-release-macos-x86_64, r-release-windows-x86_64