CRAN Package Check Results for Package EnvNicheR

Last updated on 2025-04-30 04:50:05 CEST.

Flavor Version Tinstall Tcheck Ttotal Status Flags
r-devel-linux-x86_64-debian-clang 1.5 2.66 26.23 28.89 NOTE
r-devel-linux-x86_64-debian-gcc 1.5 1.91 20.13 22.04 NOTE
r-devel-linux-x86_64-fedora-clang 1.5 45.82 OK
r-devel-linux-x86_64-fedora-gcc 1.5 44.39 OK
r-devel-windows-x86_64 1.5 4.00 50.00 54.00 OK
r-patched-linux-x86_64 1.5 2.71 25.37 28.08 OK
r-release-linux-x86_64 1.5 2.12 25.26 27.38 OK
r-release-macos-arm64 1.5 20.00 OK
r-release-macos-x86_64 1.5 31.00 OK
r-release-windows-x86_64 1.5 4.00 49.00 53.00 OK
r-oldrel-macos-arm64 1.5 19.00 OK
r-oldrel-macos-x86_64 1.5 25.00 OK
r-oldrel-windows-x86_64 1.5 4.00 51.00 55.00 OK

Check Details

Version: 1.5
Check: CRAN incoming feasibility
Result: NOTE Maintainer: ‘Castor Guisande Gonzalez <castor@uvigo.es>’ No Authors@R field in DESCRIPTION. Please add one, modifying Authors@R: person(given = c("Castor", "Guisande"), family = "Gonzalez", role = c("aut", "cre"), email = "castor@uvigo.es") as necessary. Flavors: r-devel-linux-x86_64-debian-clang, r-devel-linux-x86_64-debian-gcc