Last updated on 2025-04-30 04:50:05 CEST.
Flavor | Version | Tinstall | Tcheck | Ttotal | Status | Flags |
---|---|---|---|---|---|---|
r-devel-linux-x86_64-debian-clang | 3.1.0 | 62.17 | 450.52 | 512.69 | NOTE | |
r-devel-linux-x86_64-debian-gcc | 3.1.0 | 41.54 | 276.06 | 317.60 | OK | |
r-devel-linux-x86_64-fedora-clang | 3.1.0 | 889.57 | OK | |||
r-devel-linux-x86_64-fedora-gcc | 3.1.0 | 851.39 | OK | |||
r-devel-windows-x86_64 | 3.1.0 | 64.00 | 511.00 | 575.00 | OK | |
r-patched-linux-x86_64 | 3.1.0 | 82.37 | 410.38 | 492.75 | OK | |
r-release-linux-x86_64 | 3.1.0 | 56.19 | 407.59 | 463.78 | OK | |
r-release-macos-arm64 | 3.1.0 | 161.00 | OK | |||
r-release-macos-x86_64 | 3.1.0 | 379.00 | OK | |||
r-release-windows-x86_64 | 3.1.0 | 68.00 | 518.00 | 586.00 | OK | |
r-oldrel-macos-arm64 | 3.1.0 | 161.00 | NOTE | |||
r-oldrel-macos-x86_64 | 3.1.0 | 365.00 | NOTE | |||
r-oldrel-windows-x86_64 | 3.1.0 | 85.00 | 652.00 | 737.00 | NOTE |
Version: 3.1.0
Check: examples
Result: NOTE
Examples with CPU (user + system) or elapsed time > 5s
user system elapsed
ciBinomN 3.888 0.008 5.085
Flavor: r-devel-linux-x86_64-debian-clang
Version: 3.1.0
Check: installed package size
Result: NOTE
installed size is 7.6Mb
sub-directories of 1Mb or more:
R 3.1Mb
help 3.9Mb
Flavors: r-oldrel-macos-arm64, r-oldrel-macos-x86_64, r-oldrel-windows-x86_64