Last updated on 2025-04-30 04:50:05 CEST.
Flavor | Version | Tinstall | Tcheck | Ttotal | Status | Flags |
---|---|---|---|---|---|---|
r-devel-linux-x86_64-debian-clang | 0.18.0 | 8.29 | 61.44 | 69.73 | NOTE | |
r-devel-linux-x86_64-debian-gcc | 0.18.0 | 4.98 | 45.42 | 50.40 | OK | |
r-devel-linux-x86_64-fedora-clang | 0.18.0 | 119.44 | OK | |||
r-devel-linux-x86_64-fedora-gcc | 0.18.0 | 110.77 | OK | |||
r-devel-windows-x86_64 | 0.18.0 | 10.00 | 84.00 | 94.00 | OK | |
r-patched-linux-x86_64 | 0.18.0 | 6.95 | 58.16 | 65.11 | OK | |
r-release-linux-x86_64 | 0.18.0 | 7.49 | 57.79 | 65.28 | OK | |
r-release-macos-arm64 | 0.18.0 | 38.00 | OK | |||
r-release-macos-x86_64 | 0.18.0 | 67.00 | OK | |||
r-release-windows-x86_64 | 0.18.0 | 10.00 | 84.00 | 94.00 | OK | |
r-oldrel-macos-arm64 | 0.18.0 | 47.00 | OK | |||
r-oldrel-macos-x86_64 | 0.18.0 | 64.00 | OK | |||
r-oldrel-windows-x86_64 | 0.18.0 | 14.00 | 104.00 | 118.00 | OK |
Version: 0.18.0
Check: examples
Result: NOTE
Examples with CPU (user + system) or elapsed time > 5s
user system elapsed
Trace 5.462 0.005 6.028
Flavor: r-devel-linux-x86_64-debian-clang