CRAN Package Check Results for Package EpiILMCT

Last updated on 2025-04-30 04:50:05 CEST.

Flavor Version Tinstall Tcheck Ttotal Status Flags
r-devel-linux-x86_64-debian-clang 1.1.7 30.28 66.48 96.76 NOTE
r-devel-linux-x86_64-debian-gcc 1.1.7 20.51 42.67 63.18 NOTE
r-devel-linux-x86_64-fedora-clang 1.1.7 151.49 OK
r-devel-linux-x86_64-fedora-gcc 1.1.7 143.96 OK
r-devel-windows-x86_64 1.1.7 35.00 77.00 112.00 NOTE
r-patched-linux-x86_64 1.1.7 29.24 57.14 86.38 NOTE
r-release-linux-x86_64 1.1.7 30.31 56.47 86.78 NOTE
r-release-macos-arm64 1.1.7 50.00 OK
r-release-macos-x86_64 1.1.7 106.00 OK
r-release-windows-x86_64 1.1.7 35.00 79.00 114.00 NOTE
r-oldrel-macos-arm64 1.1.7 44.00 OK
r-oldrel-macos-x86_64 1.1.7 54.00 OK
r-oldrel-windows-x86_64 1.1.7 39.00 90.00 129.00 OK

Check Details

Version: 1.1.7
Check: Rd cross-references
Result: NOTE Found the following Rd file(s) with Rd \link{} targets missing package anchors: plot.epictmcmc.Rd: mcmc, plot.mcmc summary.epictmcmc.Rd: mcmc Please provide package anchors for all Rd \link{} targets not in the package itself and the base packages. Flavors: r-devel-linux-x86_64-debian-clang, r-devel-linux-x86_64-debian-gcc, r-devel-windows-x86_64, r-patched-linux-x86_64, r-release-linux-x86_64, r-release-windows-x86_64