Last updated on 2025-04-30 04:50:05 CEST.
Flavor | Version | Tinstall | Tcheck | Ttotal | Status | Flags |
---|---|---|---|---|---|---|
r-devel-linux-x86_64-debian-clang | 1.7.1 | 722.97 | 257.28 | 980.25 | NOTE | |
r-devel-linux-x86_64-debian-gcc | 1.7.1 | 682.68 | 225.52 | 908.20 | NOTE | |
r-devel-linux-x86_64-fedora-clang | 1.7.1 | 1511.07 | OK | |||
r-devel-linux-x86_64-fedora-gcc | 1.7.1 | 2105.54 | OK | |||
r-devel-windows-x86_64 | 1.7.1 | 782.00 | 351.00 | 1133.00 | OK | |
r-patched-linux-x86_64 | 1.7.1 | 883.51 | 313.13 | 1196.64 | OK | |
r-release-linux-x86_64 | 1.7.1 | 896.77 | 310.02 | 1206.79 | OK | |
r-release-macos-arm64 | 1.7.1 | 405.00 | OK | |||
r-release-macos-x86_64 | 1.7.1 | 433.00 | OK | |||
r-release-windows-x86_64 | 1.7.1 | 799.00 | 354.00 | 1153.00 | OK | |
r-oldrel-macos-arm64 | 1.7.1 | 324.00 | NOTE | |||
r-oldrel-macos-x86_64 | 1.7.1 | 448.00 | NOTE | |||
r-oldrel-windows-x86_64 | 1.7.1 | 895.00 | 471.00 | 1366.00 | NOTE |
Version: 1.7.1
Check: examples
Result: NOTE
Examples with CPU (user + system) or elapsed time > 5s
user system elapsed
regional_summary 8.278 0.059 12.215
report_plots 3.461 0.067 5.435
Flavor: r-devel-linux-x86_64-debian-clang
Version: 1.7.1
Check: examples
Result: NOTE
Examples with CPU (user + system) or elapsed time > 5s
user system elapsed
regional_summary 4.839 0.1 6.087
Flavor: r-devel-linux-x86_64-debian-gcc
Version: 1.7.1
Check: package dependencies
Result: NOTE
Package suggested but not available for checking: ‘cmdstanr’
Flavors: r-oldrel-macos-arm64, r-oldrel-macos-x86_64, r-oldrel-windows-x86_64
Version: 1.7.1
Check: installed package size
Result: NOTE
installed size is 147.3Mb
sub-directories of 1Mb or more:
doc 1.5Mb
libs 143.3Mb
Flavors: r-oldrel-macos-arm64, r-oldrel-macos-x86_64, r-oldrel-windows-x86_64
Version: 1.7.1
Check: Rd cross-references
Result: NOTE
Package unavailable to check Rd xrefs: ‘cmdstanr’
Flavors: r-oldrel-macos-arm64, r-oldrel-macos-x86_64, r-oldrel-windows-x86_64
Version: 1.7.1
Check: for GNU extensions in Makefiles
Result: NOTE
GNU make is a SystemRequirements.
Flavors: r-oldrel-macos-arm64, r-oldrel-macos-x86_64, r-oldrel-windows-x86_64