Last updated on 2025-04-30 04:50:05 CEST.
Flavor | Version | Tinstall | Tcheck | Ttotal | Status | Flags |
---|---|---|---|---|---|---|
r-devel-linux-x86_64-debian-clang | 1.6 | 8.01 | 57.06 | 65.07 | NOTE | |
r-devel-linux-x86_64-debian-gcc | 1.6 | 5.55 | 42.19 | 47.74 | NOTE | |
r-devel-linux-x86_64-fedora-clang | 1.6 | 90.08 | OK | |||
r-devel-linux-x86_64-fedora-gcc | 1.6 | 84.36 | OK | |||
r-devel-windows-x86_64 | 1.6 | 10.00 | 71.00 | 81.00 | OK | |
r-patched-linux-x86_64 | 1.6 | 6.33 | 53.72 | 60.05 | OK | |
r-release-linux-x86_64 | 1.6 | 6.97 | 52.93 | 59.90 | OK | |
r-release-macos-arm64 | 1.6 | 29.00 | OK | |||
r-release-macos-x86_64 | 1.6 | 49.00 | OK | |||
r-release-windows-x86_64 | 1.6 | 9.00 | 72.00 | 81.00 | OK | |
r-oldrel-macos-arm64 | 1.6 | 32.00 | OK | |||
r-oldrel-macos-x86_64 | 1.6 | 45.00 | OK | |||
r-oldrel-windows-x86_64 | 1.6 | 12.00 | 122.00 | 134.00 | OK |
Version: 1.6
Check: CRAN incoming feasibility
Result: NOTE
Maintainer: ‘Cengiz Zopluoglu <cen.zop@gmail.com>’
No Authors@R field in DESCRIPTION.
Please add one, modifying
Authors@R: person(given = "Cengiz",
family = "Zopluoglu",
role = c("aut", "cre"),
email = "cen.zop@gmail.com")
as necessary.
Flavors: r-devel-linux-x86_64-debian-clang, r-devel-linux-x86_64-debian-gcc