Last updated on 2025-04-30 04:50:05 CEST.
Flavor | Version | Tinstall | Tcheck | Ttotal | Status | Flags |
---|---|---|---|---|---|---|
r-devel-linux-x86_64-debian-clang | 1.0.1 | 54.96 | 37.91 | 92.87 | NOTE | |
r-devel-linux-x86_64-debian-gcc | 1.0.1 | 38.99 | 28.33 | 67.32 | NOTE | |
r-devel-linux-x86_64-fedora-clang | 1.0.1 | 205.60 | OK | |||
r-devel-linux-x86_64-fedora-gcc | 1.0.1 | 169.85 | OK | |||
r-devel-windows-x86_64 | 1.0.1 | 66.00 | 88.00 | 154.00 | OK | |
r-patched-linux-x86_64 | 1.0.1 | 55.39 | 36.30 | 91.69 | OK | |
r-release-linux-x86_64 | 1.0.1 | 54.03 | 36.23 | 90.26 | OK | |
r-release-macos-arm64 | 1.0.1 | 51.00 | OK | |||
r-release-macos-x86_64 | 1.0.1 | 62.00 | OK | |||
r-release-windows-x86_64 | 1.0.1 | 67.00 | 85.00 | 152.00 | OK | |
r-oldrel-macos-arm64 | 1.0.1 | 44.00 | OK | |||
r-oldrel-macos-x86_64 | 1.0.1 | 52.00 | OK | |||
r-oldrel-windows-x86_64 | 1.0.1 | 74.00 | 100.00 | 174.00 | OK |
Version: 1.0.1
Check: CRAN incoming feasibility
Result: NOTE
Maintainer: ‘Xuan You <youxuan90@gmail.com>’
No Authors@R field in DESCRIPTION.
Please add one, modifying
Authors@R: c(person(given = "Xuan",
family = "You",
role = c("aut", "cre"),
email = "youxuan90@gmail.com"),
person(given = "Yichen",
family = "Cheng",
role = "aut",
email = "ycheng11@gsu.edu"))
as necessary.
Flavors: r-devel-linux-x86_64-debian-clang, r-devel-linux-x86_64-debian-gcc