Last updated on 2025-04-30 04:50:05 CEST.
Flavor | Version | Tinstall | Tcheck | Ttotal | Status | Flags |
---|---|---|---|---|---|---|
r-devel-linux-x86_64-debian-clang | 3.0.2 | 12.28 | 43.25 | 55.53 | OK | |
r-devel-linux-x86_64-debian-gcc | 3.0.2 | 9.18 | 33.96 | 43.14 | OK | |
r-devel-linux-x86_64-fedora-clang | 3.0.2 | 102.24 | OK | |||
r-devel-linux-x86_64-fedora-gcc | 3.0.2 | 103.14 | OK | |||
r-devel-windows-x86_64 | 3.0.2 | 17.00 | 73.00 | 90.00 | OK | |
r-patched-linux-x86_64 | 3.0.2 | 13.34 | 40.20 | 53.54 | OK | |
r-release-linux-x86_64 | 3.0.2 | 13.58 | 40.35 | 53.93 | OK | |
r-release-macos-arm64 | 3.0.2 | 69.00 | OK | |||
r-release-macos-x86_64 | 3.0.2 | 91.00 | OK | |||
r-release-windows-x86_64 | 3.0.2 | 18.00 | 78.00 | 96.00 | OK | |
r-oldrel-macos-arm64 | 3.0.2 | 46.00 | OK | |||
r-oldrel-macos-x86_64 | 3.0.2 | 130.00 | OK | |||
r-oldrel-windows-x86_64 | 3.0.2 | 20.00 | 87.00 | 107.00 | NOTE |
Version: 3.0.2
Check: installed package size
Result: NOTE
installed size is 5.1Mb
sub-directories of 1Mb or more:
extdata 4.0Mb
Flavor: r-oldrel-windows-x86_64