Last updated on 2025-04-30 04:50:05 CEST.
Flavor | Version | Tinstall | Tcheck | Ttotal | Status | Flags |
---|---|---|---|---|---|---|
r-devel-linux-x86_64-debian-clang | 1.0.2 | 29.65 | 178.85 | 208.50 | NOTE | |
r-devel-linux-x86_64-debian-gcc | 1.0.2 | 19.35 | 108.28 | 127.63 | NOTE | |
r-devel-linux-x86_64-fedora-clang | 1.0.2 | 347.98 | OK | |||
r-devel-linux-x86_64-fedora-gcc | 1.0.2 | 320.44 | OK | |||
r-devel-windows-x86_64 | 1.0.2 | 31.00 | 166.00 | 197.00 | OK | |
r-patched-linux-x86_64 | 1.0.2 | 26.30 | 167.26 | 193.56 | OK | |
r-release-linux-x86_64 | 1.0.2 | 27.82 | 168.63 | 196.45 | OK | |
r-release-macos-arm64 | 1.0.2 | 77.00 | OK | |||
r-release-macos-x86_64 | 1.0.2 | 182.00 | OK | |||
r-release-windows-x86_64 | 1.0.2 | 31.00 | 161.00 | 192.00 | OK | |
r-oldrel-macos-arm64 | 1.0.2 | 46.00 | OK | |||
r-oldrel-macos-x86_64 | 1.0.2 | 85.00 | OK | |||
r-oldrel-windows-x86_64 | 1.0.2 | 38.00 | 223.00 | 261.00 | OK |
Version: 1.0.2
Check: examples
Result: NOTE
Examples with CPU (user + system) or elapsed time > 5s
user system elapsed
climatch_par 0.034 0.001 8.471
Flavor: r-devel-linux-x86_64-debian-clang
Version: 1.0.2
Check: examples
Result: NOTE
Examples with CPU (user + system) or elapsed time > 5s
user system elapsed
climatch_par 0.026 0 5.134
Flavor: r-devel-linux-x86_64-debian-gcc