Last updated on 2025-02-22 05:51:35 CET.
Flavor | Version | Tinstall | Tcheck | Ttotal | Status | Flags |
---|---|---|---|---|---|---|
r-devel-linux-x86_64-debian-clang | 0.1.0 | 2.07 | 32.12 | 34.19 | NOTE | |
r-devel-linux-x86_64-debian-gcc | 0.1.0 | 1.49 | 23.72 | 25.21 | NOTE | |
r-devel-linux-x86_64-fedora-clang | 0.1.0 | 52.94 | NOTE | |||
r-devel-linux-x86_64-fedora-gcc | 0.1.0 | 51.86 | NOTE | |||
r-devel-macos-arm64 | 0.1.0 | 18.00 | NOTE | |||
r-devel-macos-x86_64 | 0.1.0 | 40.00 | NOTE | |||
r-devel-windows-x86_64 | 0.1.0 | 3.00 | 59.00 | 62.00 | NOTE | |
r-patched-linux-x86_64 | 0.1.0 | 2.04 | 30.17 | 32.21 | NOTE | |
r-release-linux-x86_64 | 0.1.0 | 1.91 | 30.65 | 32.56 | NOTE | |
r-release-macos-arm64 | 0.1.0 | 19.00 | NOTE | |||
r-release-macos-x86_64 | 0.1.0 | 31.00 | NOTE | |||
r-release-windows-x86_64 | 0.1.0 | 3.00 | 61.00 | 64.00 | NOTE | |
r-oldrel-macos-arm64 | 0.1.0 | 21.00 | OK | |||
r-oldrel-macos-x86_64 | 0.1.0 | 33.00 | OK | |||
r-oldrel-windows-x86_64 | 0.1.0 | 4.00 | 94.00 | 98.00 | OK |
Version: 0.1.0
Check: Rd files
Result: NOTE
checkRd: (-1) FuzzyCluster.Rd:15: Lost braces; missing escapes or markup?
15 | A list of cluster labels and a R object of class "fcm {ppclust}"
| ^
checkRd: (-1) pamCluster.Rd:15: Lost braces; missing escapes or markup?
15 | A list of cluster labels and a R object of class "pam {cluster}"
| ^
Flavors: r-devel-linux-x86_64-debian-clang, r-devel-linux-x86_64-debian-gcc, r-devel-linux-x86_64-fedora-clang, r-devel-linux-x86_64-fedora-gcc, r-devel-macos-arm64, r-devel-macos-x86_64, r-devel-windows-x86_64, r-patched-linux-x86_64, r-release-linux-x86_64, r-release-macos-arm64, r-release-macos-x86_64, r-release-windows-x86_64