CRAN Package Check Results for Package EvaluationMeasures

Last updated on 2025-02-22 05:51:35 CET.

Flavor Version Tinstall Tcheck Ttotal Status Flags
r-devel-linux-x86_64-debian-clang 1.1.0 2.06 18.70 20.76 OK
r-devel-linux-x86_64-debian-gcc 1.1.0 1.57 14.87 16.44 OK
r-devel-linux-x86_64-fedora-clang 1.1.0 32.85 OK
r-devel-linux-x86_64-fedora-gcc 1.1.0 31.15 OK
r-devel-macos-arm64 1.1.0 12.00 OK
r-devel-macos-x86_64 1.1.0 24.00 OK
r-devel-windows-x86_64 1.1.0 3.00 40.00 43.00 OK
r-patched-linux-x86_64 1.1.0 2.22 18.08 20.30 NOTE
r-release-linux-x86_64 1.1.0 1.68 17.87 19.55 NOTE
r-release-macos-arm64 1.1.0 14.00 NOTE
r-release-macos-x86_64 1.1.0 20.00 NOTE
r-release-windows-x86_64 1.1.0 3.00 40.00 43.00 NOTE
r-oldrel-macos-arm64 1.1.0 15.00 NOTE
r-oldrel-macos-x86_64 1.1.0 21.00 NOTE
r-oldrel-windows-x86_64 1.1.0 7.00 41.00 48.00 NOTE

Check Details

Version: 1.1.0
Check: LazyData
Result: NOTE 'LazyData' is specified without a 'data' directory Flavors: r-patched-linux-x86_64, r-release-linux-x86_64, r-release-macos-arm64, r-release-macos-x86_64, r-release-windows-x86_64, r-oldrel-macos-arm64, r-oldrel-macos-x86_64, r-oldrel-windows-x86_64