CRAN Package Check Results for Package Evomorph

Last updated on 2025-04-30 04:50:05 CEST.

Flavor Version Tinstall Tcheck Ttotal Status Flags
r-devel-linux-x86_64-debian-clang 0.9 10.12 88.27 98.39 NOTE
r-devel-linux-x86_64-debian-gcc 0.9 7.79 63.03 70.82 NOTE
r-devel-linux-x86_64-fedora-clang 0.9 144.49 NOTE
r-devel-linux-x86_64-fedora-gcc 0.9 135.68 NOTE
r-devel-windows-x86_64 0.9 12.00 90.00 102.00 NOTE
r-patched-linux-x86_64 0.9 9.74 81.74 91.48 NOTE
r-release-linux-x86_64 0.9 10.23 82.36 92.59 NOTE
r-release-macos-arm64 0.9 46.00 NOTE
r-release-macos-x86_64 0.9 78.00 NOTE
r-release-windows-x86_64 0.9 11.00 91.00 102.00 NOTE
r-oldrel-macos-arm64 0.9 40.00 NOTE
r-oldrel-macos-x86_64 0.9 64.00 NOTE
r-oldrel-windows-x86_64 0.9 14.00 145.00 159.00 NOTE

Check Details

Version: 0.9
Check: CRAN incoming feasibility
Result: NOTE Maintainer: ‘Juan Manuel Cabrera <juanmanuelcabrera1@gmail.com>’ No Authors@R field in DESCRIPTION. Please add one, modifying Authors@R: c(person(given = c("Juan", "Manuel"), family = "Cabrera", role = c("aut", "cre"), email = "juanmanuelcabrera1@gmail.com"), person(given = "Federico", family = "Giri", role = "aut")) as necessary. Flavors: r-devel-linux-x86_64-debian-clang, r-devel-linux-x86_64-debian-gcc

Version: 0.9
Check: Rd files
Result: NOTE checkRd: (-1) ShapeDist.Rd:18: Lost braces; missing escapes or markup? 18 | Procrustes distance provides a measure of coincidence of two point sets {xi} and {yi}, i=1..N. For this purpose the variance of point deviations is calculated at the optimal superposition of the sets. It allows to characterize the shape proximity of a given simplex to shape of a reference one. | ^ checkRd: (-1) ShapeDist.Rd:18: Lost braces; missing escapes or markup? 18 | Procrustes distance provides a measure of coincidence of two point sets {xi} and {yi}, i=1..N. For this purpose the variance of point deviations is calculated at the optimal superposition of the sets. It allows to characterize the shape proximity of a given simplex to shape of a reference one. | ^ Flavors: r-devel-linux-x86_64-debian-clang, r-devel-linux-x86_64-debian-gcc, r-devel-linux-x86_64-fedora-clang, r-devel-linux-x86_64-fedora-gcc, r-devel-windows-x86_64, r-patched-linux-x86_64, r-release-linux-x86_64, r-release-macos-arm64, r-release-macos-x86_64, r-release-windows-x86_64, r-oldrel-macos-arm64, r-oldrel-macos-x86_64, r-oldrel-windows-x86_64