Last updated on 2025-04-30 04:50:05 CEST.
Flavor | Version | Tinstall | Tcheck | Ttotal | Status | Flags |
---|---|---|---|---|---|---|
r-devel-linux-x86_64-debian-clang | 0.1.1 | 1.67 | 23.92 | 25.59 | NOTE | |
r-devel-linux-x86_64-debian-gcc | 0.1.1 | 1.28 | 17.58 | 18.86 | OK | |
r-devel-linux-x86_64-fedora-clang | 0.1.1 | 41.53 | OK | |||
r-devel-linux-x86_64-fedora-gcc | 0.1.1 | 39.84 | OK | |||
r-devel-windows-x86_64 | 0.1.1 | 3.00 | 48.00 | 51.00 | OK | |
r-patched-linux-x86_64 | 0.1.1 | 1.65 | 23.63 | 25.28 | OK | |
r-release-linux-x86_64 | 0.1.1 | 1.35 | 23.40 | 24.75 | OK | |
r-release-macos-arm64 | 0.1.1 | 21.00 | OK | |||
r-release-macos-x86_64 | 0.1.1 | 29.00 | OK | |||
r-release-windows-x86_64 | 0.1.1 | 3.00 | 47.00 | 50.00 | OK | |
r-oldrel-macos-arm64 | 0.1.1 | 15.00 | OK | |||
r-oldrel-macos-x86_64 | 0.1.1 | 36.00 | OK | |||
r-oldrel-windows-x86_64 | 0.1.1 | 3.00 | 48.00 | 51.00 | OK |
Version: 0.1.1
Check: examples
Result: NOTE
Examples with CPU (user + system) or elapsed time > 5s
user system elapsed
ExNRule 7.038 0.015 7.492
Flavor: r-devel-linux-x86_64-debian-clang