Last updated on 2025-04-29 04:50:02 CEST.
Flavor | Version | Tinstall | Tcheck | Ttotal | Status | Flags |
---|---|---|---|---|---|---|
r-devel-linux-x86_64-debian-clang | 0.7-2 | 5.02 | 62.34 | 67.36 | OK | |
r-devel-linux-x86_64-debian-gcc | 0.7-2 | 2.89 | 48.53 | 51.42 | NOTE | |
r-devel-linux-x86_64-fedora-clang | 0.7-2 | 108.38 | OK | |||
r-devel-linux-x86_64-fedora-gcc | 0.7-2 | 115.44 | OK | |||
r-devel-windows-x86_64 | 0.7-2 | 6.00 | 95.00 | 101.00 | OK | |
r-patched-linux-x86_64 | 0.7-2 | 5.56 | 59.81 | 65.37 | OK | |
r-release-linux-x86_64 | 0.7-2 | 4.11 | 59.50 | 63.61 | OK | |
r-release-macos-arm64 | 0.7-2 | 41.00 | OK | |||
r-release-macos-x86_64 | 0.7-2 | 81.00 | OK | |||
r-release-windows-x86_64 | 0.7-2 | 7.00 | 96.00 | 103.00 | OK | |
r-oldrel-macos-arm64 | 0.7-2 | 42.00 | OK | |||
r-oldrel-macos-x86_64 | 0.7-2 | 62.00 | OK | |||
r-oldrel-windows-x86_64 | 0.7-2 | 6.00 | 108.00 | 114.00 | OK |
Version: 0.7-2
Check: CRAN incoming feasibility
Result: NOTE
Maintainer: ‘Oleksii Nikolaienko <oleksii.nikolaienko@gmail.com>’
No Authors@R field in DESCRIPTION.
Please add one, modifying
Authors@R: c(person(given = "Haizhen",
family = "Wu",
role = "aut",
email = "h.wu2@massey.ac.nz"),
person(given = c("A.", "Jonathan", "R."),
family = "Godfrey",
role = "aut",
email = "A.J.Godfrey@massey.ac.nz"),
person(given = "Kondaswamy",
family = "Govindaraju",
role = "aut",
email = "k.govindaraju@massey.ac.nz"),
person(given = "Sarah",
family = "Pirikahu",
role = "aut",
email = "s.pirikahu@massey.ac.nz"),
person(given = "Oleksii",
family = "Nikolaienko",
role = "cre",
email = "oleksii.nikolaienko@gmail.com"))
as necessary.
Flavor: r-devel-linux-x86_64-debian-gcc
Version: 0.7-2
Check: examples
Result: NOTE
Examples with CPU (user + system) or elapsed time > 5s
user system elapsed
eval.estimation 5.206 0 5.481
Flavor: r-devel-linux-x86_64-debian-gcc