Last updated on 2025-04-30 04:50:05 CEST.
Flavor | Version | Tinstall | Tcheck | Ttotal | Status | Flags |
---|---|---|---|---|---|---|
r-devel-linux-x86_64-debian-clang | 9.1.6 | 26.44 | 225.71 | 252.15 | NOTE | |
r-devel-linux-x86_64-debian-gcc | 9.1.6 | 15.92 | 143.06 | 158.98 | NOTE | |
r-devel-linux-x86_64-fedora-clang | 9.1.6 | 409.38 | OK | |||
r-devel-linux-x86_64-fedora-gcc | 9.1.6 | 386.54 | OK | |||
r-devel-windows-x86_64 | 9.1.6 | 23.00 | 179.00 | 202.00 | OK | |
r-patched-linux-x86_64 | 9.1.6 | 24.09 | 213.11 | 237.20 | OK | |
r-release-linux-x86_64 | 9.1.6 | 23.74 | 212.15 | 235.89 | OK | |
r-release-macos-arm64 | 9.1.6 | 84.00 | OK | |||
r-release-macos-x86_64 | 9.1.6 | 185.00 | OK | |||
r-release-windows-x86_64 | 9.1.6 | 24.00 | 171.00 | 195.00 | OK | |
r-oldrel-macos-arm64 | 9.1.6 | 77.00 | OK | |||
r-oldrel-macos-x86_64 | 9.1.6 | 132.00 | OK | |||
r-oldrel-windows-x86_64 | 9.1.6 | 32.00 | 237.00 | 269.00 | OK |
Version: 9.1.6
Check: CRAN incoming feasibility
Result: NOTE
Maintainer: ‘Subhadip Datta <subhadipdatta007@gmail.com>’
No Authors@R field in DESCRIPTION.
Please add one, modifying
Authors@R: c(person(given = "Suhadip",
family = "Datta",
role = "aut"),
person(given = "Subhadip",
family = "Datta",
role = "cre",
email = "subhadipdatta007@gmail.com"))
as necessary.
Flavors: r-devel-linux-x86_64-debian-clang, r-devel-linux-x86_64-debian-gcc