Last updated on 2025-04-30 04:50:05 CEST.
Flavor | Version | Tinstall | Tcheck | Ttotal | Status | Flags |
---|---|---|---|---|---|---|
r-devel-linux-x86_64-debian-clang | 0.1.7 | 2.68 | 34.83 | 37.51 | NOTE | |
r-devel-linux-x86_64-debian-gcc | 0.1.7 | 2.28 | 26.96 | 29.24 | NOTE | |
r-devel-linux-x86_64-fedora-clang | 0.1.7 | 61.53 | OK | |||
r-devel-linux-x86_64-fedora-gcc | 0.1.7 | 72.20 | OK | |||
r-devel-windows-x86_64 | 0.1.7 | 4.00 | 78.00 | 82.00 | OK | |
r-patched-linux-x86_64 | 0.1.7 | 3.59 | 33.41 | 37.00 | OK | |
r-release-linux-x86_64 | 0.1.7 | 2.47 | 33.26 | 35.73 | OK | |
r-release-macos-arm64 | 0.1.7 | 29.00 | OK | |||
r-release-macos-x86_64 | 0.1.7 | 55.00 | OK | |||
r-release-windows-x86_64 | 0.1.7 | 5.00 | 79.00 | 84.00 | OK | |
r-oldrel-macos-arm64 | 0.1.7 | 28.00 | OK | |||
r-oldrel-macos-x86_64 | 0.1.7 | 42.00 | OK | |||
r-oldrel-windows-x86_64 | 0.1.7 | 3.00 | 85.00 | 88.00 | OK |
Version: 0.1.7
Check: CRAN incoming feasibility
Result: NOTE
Maintainer: ‘Marek Hlavac <mhlavac@alumni.princeton.edu>’
No Authors@R field in DESCRIPTION.
Please add one, modifying
Authors@R: person(given = "Marek",
family = "Hlavac",
role = c("aut", "cre"),
email = "mhlavac@alumni.princeton.edu")
as necessary.
Flavors: r-devel-linux-x86_64-debian-clang, r-devel-linux-x86_64-debian-gcc