Last updated on 2025-04-30 04:50:05 CEST.
Flavor | Version | Tinstall | Tcheck | Ttotal | Status | Flags |
---|---|---|---|---|---|---|
r-devel-linux-x86_64-debian-clang | 0.4.2.1 | 8.19 | 155.91 | 164.10 | NOTE | |
r-devel-linux-x86_64-debian-gcc | 0.4.2.1 | 5.44 | 104.51 | 109.95 | NOTE | |
r-devel-linux-x86_64-fedora-clang | 0.4.2.1 | 251.26 | OK | |||
r-devel-linux-x86_64-fedora-gcc | 0.4.2.1 | 259.07 | OK | |||
r-devel-windows-x86_64 | 0.4.2.1 | 9.00 | 146.00 | 155.00 | OK | |
r-patched-linux-x86_64 | 0.4.2.1 | 7.67 | 149.25 | 156.92 | OK | |
r-release-linux-x86_64 | 0.4.2.1 | 7.56 | 146.52 | 154.08 | OK | |
r-release-macos-arm64 | 0.4.2.1 | 91.00 | OK | |||
r-release-macos-x86_64 | 0.4.2.1 | 172.00 | OK | |||
r-release-windows-x86_64 | 0.4.2.1 | 12.00 | 147.00 | 159.00 | OK | |
r-oldrel-macos-arm64 | 0.4.2.1 | 90.00 | OK | |||
r-oldrel-macos-x86_64 | 0.4.2.1 | 205.00 | OK | |||
r-oldrel-windows-x86_64 | 0.4.2.1 | 11.00 | 203.00 | 214.00 | OK |
Version: 0.4.2.1
Check: examples
Result: NOTE
Examples with CPU (user + system) or elapsed time > 5s
user system elapsed
process_ontology_files 7.905 0.137 8.743
Flavor: r-devel-linux-x86_64-debian-clang
Version: 0.4.2.1
Check: examples
Result: NOTE
Examples with CPU (user + system) or elapsed time > 5s
user system elapsed
process_ontology_files 4.726 0.177 5.119
Flavor: r-devel-linux-x86_64-debian-gcc