CRAN Package Check Results for Package FAO56

Last updated on 2025-04-30 04:50:05 CEST.

Flavor Version Tinstall Tcheck Ttotal Status Flags
r-devel-linux-x86_64-debian-clang 1.0 2.25 24.64 26.89 NOTE
r-devel-linux-x86_64-debian-gcc 1.0 1.73 19.39 21.12 NOTE
r-devel-linux-x86_64-fedora-clang 1.0 41.07 OK
r-devel-linux-x86_64-fedora-gcc 1.0 40.09 OK
r-devel-windows-x86_64 1.0 3.00 52.00 55.00 OK
r-patched-linux-x86_64 1.0 3.01 23.20 26.21 OK
r-release-linux-x86_64 1.0 1.97 23.28 25.25 OK
r-release-macos-arm64 1.0 19.00 OK
r-release-macos-x86_64 1.0 32.00 OK
r-release-windows-x86_64 1.0 3.00 54.00 57.00 OK
r-oldrel-macos-arm64 1.0 17.00 OK
r-oldrel-macos-x86_64 1.0 27.00 OK
r-oldrel-windows-x86_64 1.0 4.00 55.00 59.00 OK

Check Details

Version: 1.0
Check: CRAN incoming feasibility
Result: NOTE Maintainer: ‘Ali Ahani <ali.ahani66@gmail.com>’ No Authors@R field in DESCRIPTION. Please add one, modifying Authors@R: c(person(given = "Ali", family = "Ahani", role = c("aut", "cre"), email = "a_ahani@sbu.ac.ir", comment = c(ORCID = "0000-0002-1441-0444")), person(given = c("S.", "Saeid", "Mousavi"), family = "Nadoushani", role = "aut", email = "sa_mousavi@sbu.ac.ir", comment = c(ORCID = "0000-0001-6679-5553"))) as necessary. Flavors: r-devel-linux-x86_64-debian-clang, r-devel-linux-x86_64-debian-gcc