Last updated on 2025-04-30 04:50:05 CEST.
Flavor | Version | Tinstall | Tcheck | Ttotal | Status | Flags |
---|---|---|---|---|---|---|
r-devel-linux-x86_64-debian-clang | 1.0.0 | 9.35 | 51.02 | 60.37 | NOTE | |
r-devel-linux-x86_64-debian-gcc | 1.0.0 | 6.90 | 38.17 | 45.07 | NOTE | |
r-devel-linux-x86_64-fedora-clang | 1.0.0 | 92.79 | OK | |||
r-devel-linux-x86_64-fedora-gcc | 1.0.0 | 87.90 | OK | |||
r-devel-windows-x86_64 | 1.0.0 | 12.00 | 77.00 | 89.00 | OK | |
r-patched-linux-x86_64 | 1.0.0 | 8.24 | 49.33 | 57.57 | OK | |
r-release-linux-x86_64 | 1.0.0 | 8.19 | 48.99 | 57.18 | OK | |
r-release-macos-arm64 | 1.0.0 | 35.00 | OK | |||
r-release-macos-x86_64 | 1.0.0 | 58.00 | OK | |||
r-release-windows-x86_64 | 1.0.0 | 12.00 | 78.00 | 90.00 | OK | |
r-oldrel-macos-arm64 | 1.0.0 | 31.00 | OK | |||
r-oldrel-macos-x86_64 | 1.0.0 | 47.00 | OK | |||
r-oldrel-windows-x86_64 | 1.0.0 | 14.00 | 85.00 | 99.00 | OK |
Version: 1.0.0
Check: CRAN incoming feasibility
Result: NOTE
Maintainer: ‘Jonas Striaukas <jonas.striaukas@gmail.com>’
The Description field contains
Striaukas (2023) <arXiv:2307.13364>.
Please refer to arXiv e-prints via their arXiv DOI <doi:10.48550/arXiv.YYMM.NNNNN>.
Flavors: r-devel-linux-x86_64-debian-clang, r-devel-linux-x86_64-debian-gcc