CRAN Package Check Results for Package FAwR

Last updated on 2025-04-30 04:50:05 CEST.

Flavor Version Tinstall Tcheck Ttotal Status Flags
r-devel-linux-x86_64-debian-clang 1.1.2 2.71 26.56 29.27 NOTE
r-devel-linux-x86_64-debian-gcc 1.1.2 2.18 21.08 23.26 NOTE
r-devel-linux-x86_64-fedora-clang 1.1.2 44.93 OK
r-devel-linux-x86_64-fedora-gcc 1.1.2 43.39 OK
r-devel-windows-x86_64 1.1.2 5.00 56.00 61.00 OK
r-patched-linux-x86_64 1.1.2 3.04 25.66 28.70 OK
r-release-linux-x86_64 1.1.2 2.88 25.63 28.51 OK
r-release-macos-arm64 1.1.2 20.00 OK
r-release-macos-x86_64 1.1.2 38.00 OK
r-release-windows-x86_64 1.1.2 4.00 52.00 56.00 OK
r-oldrel-macos-arm64 1.1.2 18.00 OK
r-oldrel-macos-x86_64 1.1.2 33.00 OK
r-oldrel-windows-x86_64 1.1.2 5.00 55.00 60.00 OK

Check Details

Version: 1.1.2
Check: CRAN incoming feasibility
Result: NOTE Maintainer: ‘Andrew Robinson <apro@unimelb.edu.au>’ No Authors@R field in DESCRIPTION. Please add one, modifying Authors@R: c(person(given = "Andrew", family = "Robinson", role = c("aut", "cre"), email = "apro@unimelb.edu.au"), person(given = "Jeff", family = "Hamann", role = "aut")) as necessary. Flavors: r-devel-linux-x86_64-debian-clang, r-devel-linux-x86_64-debian-gcc