Last updated on 2025-11-03 03:49:40 CET.
| Flavor | Version | Tinstall | Tcheck | Ttotal | Status | Flags |
|---|---|---|---|---|---|---|
| r-devel-linux-x86_64-debian-clang | 1.3 | 18.50 | 30.04 | 48.54 | OK | |
| r-devel-linux-x86_64-debian-gcc | 1.3 | 14.15 | 24.57 | 38.72 | OK | |
| r-devel-linux-x86_64-fedora-clang | 1.3 | 44.00 | 35.12 | 79.12 | OK | |
| r-devel-linux-x86_64-fedora-gcc | 1.3 | 55.00 | 25.12 | 80.12 | OK | |
| r-devel-windows-x86_64 | 1.3 | 32.00 | 87.00 | 119.00 | OK | |
| r-patched-linux-x86_64 | 1.3 | 19.63 | 28.65 | 48.28 | OK | |
| r-release-linux-x86_64 | 1.3 | 19.18 | 28.79 | 47.97 | OK | |
| r-release-macos-arm64 | 1.3 | 10.00 | 42.00 | 52.00 | OK | |
| r-release-macos-x86_64 | 1.3 | 46.00 | 87.00 | 133.00 | OK | |
| r-release-windows-x86_64 | 1.3 | 24.00 | 63.00 | 87.00 | OK | |
| r-oldrel-macos-arm64 | 1.3 | 10.00 | 24.00 | 34.00 | NOTE | |
| r-oldrel-macos-x86_64 | 1.3 | 63.00 | 62.00 | 125.00 | NOTE | |
| r-oldrel-windows-x86_64 | 1.3 | 30.00 | 85.00 | 115.00 | OK |
Version: 1.3
Check: installed package size
Result: NOTE
installed size is 5.9Mb
sub-directories of 1Mb or more:
data 3.5Mb
libs 2.3Mb
Flavors: r-oldrel-macos-arm64, r-oldrel-macos-x86_64