CRAN Package Check Results for Package FCVAR

Last updated on 2025-04-30 04:50:05 CEST.

Flavor Version Tinstall Tcheck Ttotal Status Flags
r-devel-linux-x86_64-debian-clang 0.1.4 4.04 132.81 136.85 NOTE
r-devel-linux-x86_64-debian-gcc 0.1.4 3.92 83.02 86.94 NOTE
r-devel-linux-x86_64-fedora-clang 0.1.4 225.28 OK
r-devel-linux-x86_64-fedora-gcc 0.1.4 219.58 OK
r-devel-windows-x86_64 0.1.4 6.00 145.00 151.00 OK
r-patched-linux-x86_64 0.1.4 5.66 128.94 134.60 OK
r-release-linux-x86_64 0.1.4 4.58 128.65 133.23 OK
r-release-macos-arm64 0.1.4 70.00 OK
r-release-macos-x86_64 0.1.4 155.00 OK
r-release-windows-x86_64 0.1.4 5.00 149.00 154.00 OK
r-oldrel-macos-arm64 0.1.4 62.00 OK
r-oldrel-macos-x86_64 0.1.4 113.00 OK
r-oldrel-windows-x86_64 0.1.4 7.00 195.00 202.00 OK

Check Details

Version: 0.1.4
Check: CRAN incoming feasibility
Result: NOTE Maintainer: ‘Lealand Morin <lealand.morin@ucf.edu>’ Package CITATION file contains call(s) to old-style citEntry(). Please use bibentry() instead. Flavors: r-devel-linux-x86_64-debian-clang, r-devel-linux-x86_64-debian-gcc