Last updated on 2025-04-30 04:50:05 CEST.
Flavor | Version | Tinstall | Tcheck | Ttotal | Status | Flags |
---|---|---|---|---|---|---|
r-devel-linux-x86_64-debian-clang | 1.1 | 8.78 | 87.64 | 96.42 | NOTE | |
r-devel-linux-x86_64-debian-gcc | 1.1 | 6.46 | 58.77 | 65.23 | OK | |
r-devel-linux-x86_64-fedora-clang | 1.1 | 139.92 | OK | |||
r-devel-linux-x86_64-fedora-gcc | 1.1 | 130.42 | OK | |||
r-devel-windows-x86_64 | 1.1 | 10.00 | 92.00 | 102.00 | OK | |
r-patched-linux-x86_64 | 1.1 | 8.89 | 78.71 | 87.60 | OK | |
r-release-linux-x86_64 | 1.1 | 8.96 | 77.85 | 86.81 | OK | |
r-release-macos-arm64 | 1.1 | 47.00 | OK | |||
r-release-macos-x86_64 | 1.1 | 71.00 | OK | |||
r-release-windows-x86_64 | 1.1 | 11.00 | 92.00 | 103.00 | OK | |
r-oldrel-macos-arm64 | 1.1 | 38.00 | OK | |||
r-oldrel-macos-x86_64 | 1.1 | 59.00 | OK | |||
r-oldrel-windows-x86_64 | 1.1 | 13.00 | 114.00 | 127.00 | OK |
Version: 1.1
Check: examples
Result: NOTE
Examples with CPU (user + system) or elapsed time > 5s
user system elapsed
confint.fe.prov 5.691 0.111 6.907
Flavor: r-devel-linux-x86_64-debian-clang