Last updated on 2025-04-30 04:50:05 CEST.
Flavor | Version | Tinstall | Tcheck | Ttotal | Status | Flags |
---|---|---|---|---|---|---|
r-devel-linux-x86_64-debian-clang | 1.0-9 | 9.64 | 64.40 | 74.04 | NOTE | |
r-devel-linux-x86_64-debian-gcc | 1.0-9 | 7.04 | 48.67 | 55.71 | NOTE | |
r-devel-linux-x86_64-fedora-clang | 1.0-9 | 123.54 | OK | |||
r-devel-linux-x86_64-fedora-gcc | 1.0-9 | 133.95 | OK | |||
r-devel-windows-x86_64 | 1.0-9 | 8.00 | 116.00 | 124.00 | OK | |
r-patched-linux-x86_64 | 1.0-9 | 9.96 | 62.15 | 72.11 | OK | |
r-release-linux-x86_64 | 1.0-9 | 8.69 | 62.21 | 70.90 | OK | |
r-release-macos-arm64 | 1.0-9 | 64.00 | OK | |||
r-release-macos-x86_64 | 1.0-9 | 92.00 | OK | |||
r-release-windows-x86_64 | 1.0-9 | 8.00 | 112.00 | 120.00 | OK | |
r-oldrel-macos-arm64 | 1.0-9 | 56.00 | OK | |||
r-oldrel-macos-x86_64 | 1.0-9 | 69.00 | OK | |||
r-oldrel-windows-x86_64 | 1.0-9 | 8.00 | 109.00 | 117.00 | OK |
Version: 1.0-9
Check: CRAN incoming feasibility
Result: NOTE
Maintainer: ‘Ian Kopacka <ian.kopacka@ages.at>’
No Authors@R field in DESCRIPTION.
Please add one, modifying
Authors@R: person(given = "Ian",
family = "Kopacka",
role = c("aut", "cre"),
email = "ian.kopacka@ages.at")
as necessary.
Flavors: r-devel-linux-x86_64-debian-clang, r-devel-linux-x86_64-debian-gcc