Last updated on 2025-04-30 04:50:05 CEST.
Flavor | Version | Tinstall | Tcheck | Ttotal | Status | Flags |
---|---|---|---|---|---|---|
r-devel-linux-x86_64-debian-clang | 1.0.1 | 39.16 | 69.28 | 108.44 | NOTE | |
r-devel-linux-x86_64-debian-gcc | 1.0.1 | 27.38 | 50.68 | 78.06 | NOTE | |
r-devel-linux-x86_64-fedora-clang | 1.0.1 | 192.36 | OK | |||
r-devel-linux-x86_64-fedora-gcc | 1.0.1 | 179.81 | OK | |||
r-devel-windows-x86_64 | 1.0.1 | 43.00 | 122.00 | 165.00 | OK | |
r-patched-linux-x86_64 | 1.0.1 | 40.48 | 66.31 | 106.79 | OK | |
r-release-linux-x86_64 | 1.0.1 | 40.69 | 65.70 | 106.39 | OK | |
r-release-macos-arm64 | 1.0.1 | 50.00 | OK | |||
r-release-macos-x86_64 | 1.0.1 | 83.00 | OK | |||
r-release-windows-x86_64 | 1.0.1 | 45.00 | 122.00 | 167.00 | OK | |
r-oldrel-macos-arm64 | 1.0.1 | 46.00 | OK | |||
r-oldrel-macos-x86_64 | 1.0.1 | 77.00 | OK | |||
r-oldrel-windows-x86_64 | 1.0.1 | 51.00 | 136.00 | 187.00 | OK |
Version: 1.0.1
Check: CRAN incoming feasibility
Result: NOTE
Maintainer: ‘David P. Hofmeyr <dhofmeyr@sun.ac.za>’
No Authors@R field in DESCRIPTION.
Please add one, modifying
Authors@R: person(given = c("David", "P."),
family = "Hofmeyr",
role = c("aut", "cre"),
email = "dhofmeyr@sun.ac.za")
as necessary.
Flavors: r-devel-linux-x86_64-debian-clang, r-devel-linux-x86_64-debian-gcc