Last updated on 2025-04-30 04:50:06 CEST.
Flavor | Version | Tinstall | Tcheck | Ttotal | Status | Flags |
---|---|---|---|---|---|---|
r-devel-linux-x86_64-debian-clang | 0.4.0 | 98.83 | 1094.13 | 1192.96 | OK | |
r-devel-linux-x86_64-debian-gcc | 0.4.0 | 63.23 | 587.19 | 650.42 | OK | |
r-devel-linux-x86_64-fedora-clang | 0.4.0 | 1535.93 | OK | |||
r-devel-linux-x86_64-fedora-gcc | 0.4.0 | 1420.96 | OK | |||
r-devel-windows-x86_64 | 0.4.0 | 86.00 | 664.00 | 750.00 | OK | |
r-patched-linux-x86_64 | 0.4.0 | 87.05 | 798.14 | 885.19 | OK | |
r-release-linux-x86_64 | 0.4.0 | 85.47 | 787.67 | 873.14 | OK | |
r-release-macos-arm64 | 0.4.0 | 394.00 | OK | |||
r-release-macos-x86_64 | 0.4.0 | 530.00 | OK | |||
r-release-windows-x86_64 | 0.4.0 | 86.00 | 673.00 | 759.00 | OK | |
r-oldrel-macos-arm64 | 0.4.0 | 308.00 | NOTE | |||
r-oldrel-macos-x86_64 | 0.4.0 | 581.00 | NOTE | |||
r-oldrel-windows-x86_64 | 0.4.0 | 110.00 | 969.00 | 1079.00 | OK |
Version: 0.4.0
Check: installed package size
Result: NOTE
installed size is 8.3Mb
sub-directories of 1Mb or more:
doc 1.2Mb
libs 6.3Mb
Flavors: r-oldrel-macos-arm64, r-oldrel-macos-x86_64